Last updated on 2024-06-17 05:49:00 CEST.
Flavor | Version | Tinstall | Tcheck | Ttotal | Status | Flags |
---|---|---|---|---|---|---|
r-devel-linux-x86_64-debian-clang | 4.3.0 | 538.83 | 142.06 | 680.89 | OK | |
r-devel-linux-x86_64-debian-gcc | 4.4.0 | 502.35 | 179.22 | 681.57 | OK | |
r-devel-linux-x86_64-fedora-clang | 4.4.0 | 1434.86 | NOTE | |||
r-devel-linux-x86_64-fedora-gcc | 4.4.0 | 1341.26 | OK | |||
r-devel-windows-x86_64 | 4.3.0 | 469.00 | 184.00 | 653.00 | NOTE | |
r-patched-linux-x86_64 | 4.3.0 | 542.89 | 209.90 | 752.79 | OK | |
r-release-linux-x86_64 | 4.4.0 | 589.66 | 205.55 | 795.21 | OK | |
r-release-macos-arm64 | 4.4.0 | 347.00 | NOTE | |||
r-release-macos-x86_64 | 4.4.0 | 455.00 | NOTE | |||
r-release-windows-x86_64 | 4.3.0 | 452.00 | 176.00 | 628.00 | NOTE | |
r-oldrel-macos-arm64 | 4.4.0 | 338.00 | NOTE | |||
r-oldrel-macos-x86_64 | 4.4.0 | 436.00 | NOTE | |||
r-oldrel-windows-x86_64 | 4.4.0 | 362.00 | 209.00 | 571.00 | NOTE |
Version: 4.4.0
Check: installed package size
Result: NOTE
installed size is 9.5Mb
sub-directories of 1Mb or more:
libs 8.8Mb
Flavors: r-devel-linux-x86_64-fedora-clang, r-release-macos-arm64, r-release-macos-x86_64, r-oldrel-macos-arm64, r-oldrel-macos-x86_64, r-oldrel-windows-x86_64
Version: 4.3.0
Check: installed package size
Result: NOTE
installed size is 5.5Mb
sub-directories of 1Mb or more:
libs 4.8Mb
Flavors: r-devel-windows-x86_64, r-release-windows-x86_64