Last updated on 2025-05-22 05:51:06 CEST.
Flavor | Version | Tinstall | Tcheck | Ttotal | Status | Flags |
---|---|---|---|---|---|---|
r-devel-linux-x86_64-debian-clang | 0.1.3 | 12.70 | 95.83 | 108.53 | NOTE | |
r-devel-linux-x86_64-debian-gcc | 0.1.3 | 11.58 | 66.59 | 78.17 | NOTE | |
r-devel-linux-x86_64-fedora-clang | 0.1.3 | 185.99 | NOTE | |||
r-devel-linux-x86_64-fedora-gcc | 0.1.3 | 182.74 | NOTE | |||
r-devel-windows-x86_64 | 0.1.3 | 14.00 | 107.00 | 121.00 | NOTE | |
r-patched-linux-x86_64 | 0.1.3 | 13.72 | 93.31 | 107.03 | NOTE | |
r-release-linux-x86_64 | 0.1.3 | 12.55 | 90.99 | 103.54 | NOTE | |
r-release-macos-arm64 | 0.1.3 | 66.00 | NOTE | |||
r-release-macos-x86_64 | 0.1.3 | 115.00 | NOTE | |||
r-release-windows-x86_64 | 0.1.3 | 14.00 | 104.00 | 118.00 | NOTE | |
r-oldrel-macos-arm64 | 0.1.3 | 76.00 | OK | |||
r-oldrel-macos-x86_64 | 0.1.3 | 147.00 | OK | |||
r-oldrel-windows-x86_64 | 0.1.3 | 13.00 | 127.00 | 140.00 | OK |
Version: 0.1.3
Check: DESCRIPTION meta-information
Result: NOTE
Missing dependency on R >= 4.1.0 because package code uses the pipe
|> or function shorthand \(...) syntax added in R 4.1.0.
File(s) using such syntax:
‘bittermelon.R’ ‘lofi.Rd’
Flavors: r-devel-linux-x86_64-debian-clang, r-devel-linux-x86_64-debian-gcc, r-devel-linux-x86_64-fedora-clang, r-devel-linux-x86_64-fedora-gcc, r-devel-windows-x86_64, r-patched-linux-x86_64, r-release-linux-x86_64, r-release-macos-arm64, r-release-macos-x86_64, r-release-windows-x86_64