Last updated on 2025-10-31 04:50:51 CET.
| Flavor | Version | Tinstall | Tcheck | Ttotal | Status | Flags | 
|---|---|---|---|---|---|---|
| r-devel-linux-x86_64-debian-clang | 0.0.1 | 1.57 | 19.78 | 21.35 | NOTE | |
| r-devel-linux-x86_64-debian-gcc | 0.0.1 | 1.30 | 16.65 | 17.95 | NOTE | |
| r-devel-linux-x86_64-fedora-clang | 0.0.1 | 31.73 | OK | |||
| r-devel-linux-x86_64-fedora-gcc | 0.0.1 | 29.68 | OK | |||
| r-devel-windows-x86_64 | 0.0.1 | 2.00 | 39.00 | 41.00 | OK | |
| r-patched-linux-x86_64 | 0.0.1 | 1.53 | 18.97 | 20.50 | OK | |
| r-release-linux-x86_64 | 0.0.1 | 1.62 | 18.72 | 20.34 | OK | |
| r-release-macos-arm64 | 0.0.1 | 1.00 | 15.00 | 16.00 | OK | |
| r-release-macos-x86_64 | 0.0.1 | 2.00 | 31.00 | 33.00 | OK | |
| r-release-windows-x86_64 | 0.0.1 | 3.00 | 40.00 | 43.00 | OK | |
| r-oldrel-macos-arm64 | 0.0.1 | 1.00 | 22.00 | 23.00 | OK | |
| r-oldrel-macos-x86_64 | 0.0.1 | 1.00 | 20.00 | 21.00 | OK | |
| r-oldrel-windows-x86_64 | 0.0.1 | 3.00 | 44.00 | 47.00 | OK | 
Version: 0.0.1
Check: CRAN incoming feasibility
Result: NOTE
  Maintainer: ‘Phillip Labuschagne <philliplab@gmail.com>’
  
  No Authors@R field in DESCRIPTION.
  Please add one, modifying
    Authors@R: person(given = "Phillip",
                      family = "Labuschagne",
                      role = c("aut", "cre"),
                      email = "philliplab@gmail.com")
  as necessary.
Flavors: r-devel-linux-x86_64-debian-clang, r-devel-linux-x86_64-debian-gcc