Last updated on 2024-06-16 05:52:57 CEST.
Flavor | Version | Tinstall | Tcheck | Ttotal | Status | Flags |
---|---|---|---|---|---|---|
r-devel-linux-x86_64-debian-clang | 1.1.0 | 13.91 | 164.68 | 178.59 | NOTE | |
r-devel-linux-x86_64-debian-gcc | 1.1.0 | 8.04 | 144.19 | 152.23 | NOTE | |
r-devel-linux-x86_64-fedora-clang | 1.1.0 | 248.15 | NOTE | |||
r-devel-linux-x86_64-fedora-gcc | 1.1.0 | 255.50 | NOTE | |||
r-devel-windows-x86_64 | 1.1.0 | 10.00 | 161.00 | 171.00 | NOTE | |
r-patched-linux-x86_64 | 1.1.0 | 14.16 | 188.53 | 202.69 | NOTE | |
r-release-linux-x86_64 | 1.1.0 | 11.57 | 171.33 | 182.90 | NOTE | |
r-release-macos-arm64 | 1.1.0 | 71.00 | NOTE | |||
r-release-macos-x86_64 | 1.1.0 | 113.00 | NOTE | |||
r-release-windows-x86_64 | 1.1.0 | 12.00 | 161.00 | 173.00 | NOTE | |
r-oldrel-macos-arm64 | 1.1.0 | 73.00 | OK | |||
r-oldrel-macos-x86_64 | 1.1.0 | 98.00 | OK | |||
r-oldrel-windows-x86_64 | 1.1.0 | 15.00 | 200.00 | 215.00 | OK |
Version: 1.1.0
Check: Rd files
Result: NOTE
checkRd: (-1) examinee-class.Rd:61: Lost braces; missing escapes or markup?
61 | \item{\code{routing_based_on}}{a vector containing the routing was based on \code{estimated_theta_by_phase} or {estimated_theta_by_test} at each module position.}
| ^
Flavors: r-devel-linux-x86_64-debian-clang, r-devel-linux-x86_64-debian-gcc, r-devel-linux-x86_64-fedora-clang, r-devel-linux-x86_64-fedora-gcc, r-devel-windows-x86_64, r-patched-linux-x86_64, r-release-linux-x86_64, r-release-macos-arm64, r-release-macos-x86_64, r-release-windows-x86_64