Last updated on 2025-11-24 04:50:00 CET.
| Flavor | Version | Tinstall | Tcheck | Ttotal | Status | Flags |
|---|---|---|---|---|---|---|
| r-devel-linux-x86_64-debian-clang | 0.2.0 | 2.37 | 26.15 | 28.52 | OK | |
| r-devel-linux-x86_64-debian-gcc | 0.2.0 | 1.97 | 21.26 | 23.23 | OK | |
| r-devel-linux-x86_64-fedora-clang | 0.2.0 | 41.06 | OK | |||
| r-devel-linux-x86_64-fedora-gcc | 0.2.0 | 38.95 | OK | |||
| r-devel-windows-x86_64 | 0.2.0 | 7.00 | 52.00 | 59.00 | OK | |
| r-patched-linux-x86_64 | 0.2.0 | 2.28 | 24.19 | 26.47 | OK | |
| r-release-linux-x86_64 | 0.2.0 | 2.14 | 23.96 | 26.10 | OK | |
| r-release-macos-arm64 | 0.2.0 | OK | ||||
| r-release-macos-x86_64 | 0.2.0 | 5.00 | 32.00 | 37.00 | OK | |
| r-release-windows-x86_64 | 0.2.0 | 7.00 | 52.00 | 59.00 | OK | |
| r-oldrel-macos-arm64 | 0.2.0 | NOTE | ||||
| r-oldrel-macos-x86_64 | 0.2.0 | 3.00 | 24.00 | 27.00 | NOTE | |
| r-oldrel-windows-x86_64 | 0.2.0 | 6.00 | 57.00 | 63.00 | NOTE |
Version: 0.2.0
Check: LazyData
Result: NOTE
'LazyData' is specified without a 'data' directory
Flavors: r-oldrel-macos-arm64, r-oldrel-macos-x86_64, r-oldrel-windows-x86_64