CRAN Package Check Results for Package mandelbrot

Last updated on 2025-05-24 05:51:10 CEST.

Flavor Version Tinstall Tcheck Ttotal Status Flags
r-devel-linux-x86_64-debian-clang 0.2.0 2.36 24.49 26.85 OK
r-devel-linux-x86_64-debian-gcc 0.2.0 1.88 20.09 21.97 OK
r-devel-linux-x86_64-fedora-clang 0.2.0 39.88 OK
r-devel-linux-x86_64-fedora-gcc 0.2.0 38.80 OK
r-devel-windows-x86_64 0.2.0 7.00 96.00 103.00 OK
r-patched-linux-x86_64 0.2.0 2.46 22.50 24.96 OK
r-release-linux-x86_64 0.2.0 2.10 22.65 24.75 OK
r-release-macos-arm64 0.2.0 22.00 OK
r-release-macos-x86_64 0.2.0 37.00 OK
r-release-windows-x86_64 0.2.0 7.00 74.00 81.00 OK
r-oldrel-macos-arm64 0.2.0 19.00 NOTE
r-oldrel-macos-x86_64 0.2.0 27.00 NOTE
r-oldrel-windows-x86_64 0.2.0 7.00 59.00 66.00 NOTE

Check Details

Version: 0.2.0
Check: LazyData
Result: NOTE 'LazyData' is specified without a 'data' directory Flavors: r-oldrel-macos-arm64, r-oldrel-macos-x86_64, r-oldrel-windows-x86_64