Last updated on 2025-10-31 04:50:52 CET.
| Flavor | Version | Tinstall | Tcheck | Ttotal | Status | Flags | 
|---|---|---|---|---|---|---|
| r-devel-linux-x86_64-debian-clang | 1.1.3 | 459.52 | 131.66 | 591.18 | NOTE | --no-vignettes | 
| r-devel-linux-x86_64-debian-gcc | 1.1.3 | 239.45 | 70.08 | 309.53 | NOTE | --no-vignettes | 
| r-devel-linux-x86_64-fedora-clang | 1.1.3 | 780.00 | 518.57 | 1298.57 | NOTE | --no-vignettes | 
| r-devel-linux-x86_64-fedora-gcc | 1.1.3 | 551.00 | 427.19 | 978.19 | NOTE | --no-vignettes | 
| r-devel-windows-x86_64 | 1.1.3 | 532.00 | 75.00 | 607.00 | OK | --no-vignettes | 
| r-patched-linux-x86_64 | 1.1.3 | 416.61 | 120.89 | 537.50 | OK | --no-vignettes | 
| r-release-linux-x86_64 | 1.1.3 | 418.94 | 108.13 | 527.07 | OK | --no-vignettes | 
| r-release-macos-arm64 | 1.1.3 | 143.00 | 1660.00 | 1803.00 | ERROR | |
| r-release-macos-x86_64 | 1.1.3 | 110.00 | 1693.00 | 1803.00 | OK | |
| r-release-windows-x86_64 | 1.1.3 | 544.00 | 91.00 | 635.00 | OK | --no-vignettes | 
| r-oldrel-macos-arm64 | 1.1.3 | 162.00 | 1641.00 | 1803.00 | NOTE | |
| r-oldrel-macos-x86_64 | 1.1.3 | 121.00 | 1682.00 | 1803.00 | NOTE | |
| r-oldrel-windows-x86_64 | 1.1.3 | 615.00 | 88.00 | 703.00 | NOTE | --no-vignettes | 
Version: 1.1.3
Flags: --no-vignettes
Check: CRAN incoming feasibility
Result: NOTE
  Maintainer: ‘Felipe Acosta Archila <acosta.felipe@gmail.com>’
  
  No Authors@R field in DESCRIPTION.
  Please add one, modifying
    Authors@R: person(given = c("Felipe", "Acosta"),
                      family = "Archila",
                      role = c("aut", "cre"),
                      email = "acosta.felipe@gmail.com")
  as necessary.
Flavors: r-devel-linux-x86_64-debian-clang, r-devel-linux-x86_64-debian-gcc
Version: 1.1.3
Flags: --no-vignettes
Check: compiled code
Result: NOTE
  File ‘mcemGLM/libs/mcemGLM.so’:
    Found no calls to: ‘R_registerRoutines’, ‘R_useDynamicSymbols’
  
  It is good practice to register native routines and to disable symbol
  search.
  
  See ‘Writing portable packages’ in the ‘Writing R Extensions’ manual.
Flavors: r-devel-linux-x86_64-fedora-clang, r-devel-linux-x86_64-fedora-gcc
Version: 1.1.3
Check: re-building of vignette outputs
Result: ERROR
  Error(s) in re-building vignettes:
  --- re-building ‘mcemGLM-vignette.Rnw’ using Sweave
  Loading required package: mcemGLM
  Loading required package: trust
  
  Execution halted
  
  * checking PDF version of manual ...* using check arguments '--no-clean-on-error '
Flavor: r-release-macos-arm64
Version: 1.1.3
Check: installed package size
Result: NOTE
    installed size is 16.3Mb
    sub-directories of 1Mb or more:
      doc    3.8Mb
      libs  12.3Mb
Flavors: r-oldrel-macos-arm64, r-oldrel-macos-x86_64
Version: 1.1.3
Flags: --no-vignettes
Check: installed package size
Result: NOTE
    installed size is  5.4Mb
    sub-directories of 1Mb or more:
      doc    3.8Mb
      libs   1.4Mb
Flavor: r-oldrel-windows-x86_64