Last updated on 2025-05-21 05:51:56 CEST.
Flavor | Version | Tinstall | Tcheck | Ttotal | Status | Flags |
---|---|---|---|---|---|---|
r-devel-linux-x86_64-debian-clang | 1.1.1 | 10.36 | 115.35 | 125.71 | NOTE | |
r-devel-linux-x86_64-debian-gcc | 1.1.1 | 7.51 | 80.76 | 88.27 | NOTE | |
r-devel-linux-x86_64-fedora-clang | 1.1.1 | 200.71 | OK | |||
r-devel-linux-x86_64-fedora-gcc | 1.1.1 | 323.81 | OK | |||
r-devel-windows-x86_64 | 1.1.1 | 12.00 | 134.00 | 146.00 | OK | |
r-patched-linux-x86_64 | 1.1.1 | 10.39 | 110.67 | 121.06 | OK | |
r-release-linux-x86_64 | 1.1.1 | 8.67 | 109.79 | 118.46 | OK | |
r-release-macos-arm64 | 1.1.1 | 124.00 | OK | |||
r-release-macos-x86_64 | 1.1.1 | 226.00 | OK | |||
r-release-windows-x86_64 | 1.1.1 | 12.00 | 126.00 | 138.00 | OK | |
r-oldrel-macos-arm64 | 1.1.1 | 99.00 | OK | |||
r-oldrel-macos-x86_64 | 1.1.1 | 194.00 | OK | |||
r-oldrel-windows-x86_64 | 1.1.1 | 15.00 | 153.00 | 168.00 | OK |
Version: 1.1.1
Check: CRAN incoming feasibility
Result: NOTE
Maintainer: ‘Hannah Comiskey <hannah.comiskey.2015@mumail.ie>’
The Description field contains
<arXiv:2212.03844>.
Please refer to arXiv e-prints via their arXiv DOI <doi:10.48550/arXiv.YYMM.NNNNN>.
Flavors: r-devel-linux-x86_64-debian-clang, r-devel-linux-x86_64-debian-gcc