Last updated on 2025-11-24 04:50:00 CET.
| Flavor | Version | Tinstall | Tcheck | Ttotal | Status | Flags |
|---|---|---|---|---|---|---|
| r-devel-linux-x86_64-debian-clang | 0.1.1 | 2.26 | 27.66 | 29.92 | NOTE | |
| r-devel-linux-x86_64-debian-gcc | 0.1.1 | 1.90 | 22.51 | 24.41 | NOTE | |
| r-devel-linux-x86_64-fedora-clang | 0.1.1 | 43.97 | OK | |||
| r-devel-linux-x86_64-fedora-gcc | 0.1.1 | 41.01 | OK | |||
| r-devel-windows-x86_64 | 0.1.1 | 7.00 | 45.00 | 52.00 | OK | |
| r-patched-linux-x86_64 | 0.1.1 | 2.34 | 25.88 | 28.22 | OK | |
| r-release-linux-x86_64 | 0.1.1 | 2.15 | 25.94 | 28.09 | OK | |
| r-release-macos-arm64 | 0.1.1 | OK | ||||
| r-release-macos-x86_64 | 0.1.1 | 2.00 | 31.00 | 33.00 | OK | |
| r-release-windows-x86_64 | 0.1.1 | 6.00 | 46.00 | 52.00 | OK | |
| r-oldrel-macos-arm64 | 0.1.1 | OK | ||||
| r-oldrel-macos-x86_64 | 0.1.1 | 2.00 | 27.00 | 29.00 | OK | |
| r-oldrel-windows-x86_64 | 0.1.1 | 5.00 | 52.00 | 57.00 | OK |
Version: 0.1.1
Check: CRAN incoming feasibility
Result: NOTE
Maintainer: ‘Mark Edmondson <r@sunholo.com>’
The BugReports field in DESCRIPTION has
https://github.com/MarkEdmondson1234/measurementProtocol
which should likely be
https://github.com/MarkEdmondson1234/measurementProtocol/issues
instead.
Flavors: r-devel-linux-x86_64-debian-clang, r-devel-linux-x86_64-debian-gcc