CRAN Package Check Results for Package medflex

Last updated on 2025-10-09 05:51:01 CEST.

Flavor Version Tinstall Tcheck Ttotal Status Flags
r-devel-linux-x86_64-debian-clang 0.6-10 6.83 91.90 98.73 NOTE
r-devel-linux-x86_64-debian-gcc 0.6-10 5.99 68.52 74.51 NOTE
r-devel-linux-x86_64-fedora-clang 0.6-10 149.81 OK
r-devel-linux-x86_64-fedora-gcc 0.6-10 157.48 OK
r-devel-windows-x86_64 0.6-10 11.00 130.00 141.00 NOTE
r-patched-linux-x86_64 0.6-10 9.04 87.69 96.73 NOTE
r-release-linux-x86_64 0.6-10 7.12 88.17 95.29 NOTE
r-release-macos-arm64 0.6-10 52.00 OK
r-release-macos-x86_64 0.6-10 102.00 OK
r-release-windows-x86_64 0.6-10 10.00 130.00 140.00 NOTE
r-oldrel-macos-arm64 0.6-10 53.00 OK
r-oldrel-macos-x86_64 0.6-10 87.00 OK
r-oldrel-windows-x86_64 0.6-10 15.00 145.00 160.00 OK

Check Details

Version: 0.6-10
Check: Rd cross-references
Result: NOTE Found the following Rd file(s) with Rd \link{} targets missing package anchors: neLht-methods.Rd: coef.glht neLht.Rd: coef.glht Please provide package anchors for all Rd \link{} targets not in the package itself and the base packages. Flavors: r-devel-linux-x86_64-debian-clang, r-devel-linux-x86_64-debian-gcc, r-devel-windows-x86_64, r-patched-linux-x86_64, r-release-linux-x86_64, r-release-windows-x86_64