Last updated on 2025-11-25 04:50:19 CET.
| Flavor | Version | Tinstall | Tcheck | Ttotal | Status | Flags |
|---|---|---|---|---|---|---|
| r-devel-linux-x86_64-debian-clang | 3.0 | 9.94 | 81.93 | 91.87 | NOTE | |
| r-devel-linux-x86_64-debian-gcc | 3.0 | 7.11 | 63.75 | 70.86 | NOTE | |
| r-devel-linux-x86_64-fedora-clang | 3.0 | 20.00 | 118.58 | 138.58 | OK | |
| r-devel-linux-x86_64-fedora-gcc | 3.0 | 20.00 | 111.08 | 131.08 | OK | |
| r-devel-windows-x86_64 | 3.0 | 12.00 | 101.00 | 113.00 | OK | |
| r-patched-linux-x86_64 | 3.0 | 9.65 | 77.69 | 87.34 | OK | |
| r-release-linux-x86_64 | 3.0 | 8.07 | 79.68 | 87.75 | OK | |
| r-release-macos-arm64 | 3.0 | OK | ||||
| r-release-macos-x86_64 | 3.0 | 8.00 | 66.00 | 74.00 | OK | |
| r-release-windows-x86_64 | 3.0 | 10.00 | 108.00 | 118.00 | OK | |
| r-oldrel-macos-arm64 | 3.0 | OK | ||||
| r-oldrel-macos-x86_64 | 3.0 | 6.00 | 53.00 | 59.00 | OK | |
| r-oldrel-windows-x86_64 | 3.0 | 1.00 | 9.00 | 10.00 | ERROR |
Version: 3.0
Check: CRAN incoming feasibility
Result: NOTE
Maintainer: ‘Richard A. Bilonick <rabilonick@gmail.com>’
No Authors@R field in DESCRIPTION.
Please add one, modifying
Authors@R: person(given = c("Richard", "A."),
family = "Bilonick",
role = c("aut", "cre"),
email = "rabilonick@gmail.com")
as necessary.
Flavors: r-devel-linux-x86_64-debian-clang, r-devel-linux-x86_64-debian-gcc
Version: 3.0
Check: package dependencies
Result: ERROR
Package required but not available: 'OpenMx'
See section 'The DESCRIPTION file' in the 'Writing R Extensions'
manual.
Flavor: r-oldrel-windows-x86_64