CRAN Package Check Results for Package metafor

Last updated on 2025-04-29 05:50:11 CEST.

Flavor Version Tinstall Tcheck Ttotal Status Flags
r-devel-linux-x86_64-debian-clang 4.8-0 75.75 531.72 607.47 OK
r-devel-linux-x86_64-debian-gcc 4.8-0 50.59 319.82 370.41 NOTE
r-devel-linux-x86_64-fedora-clang 4.8-0 977.13 OK
r-devel-linux-x86_64-fedora-gcc 4.8-0 974.56 OK
r-devel-windows-x86_64 4.8-0 70.00 472.00 542.00 OK
r-patched-linux-x86_64 4.8-0 75.66 507.61 583.27 OK
r-release-linux-x86_64 4.8-0 70.74 499.27 570.01 OK
r-release-macos-arm64 4.8-0 235.00 OK
r-release-macos-x86_64 4.8-0 529.00 OK
r-release-windows-x86_64 4.8-0 72.00 457.00 529.00 OK
r-oldrel-macos-arm64 4.8-0 203.00 NOTE
r-oldrel-macos-x86_64 4.8-0 446.00 NOTE
r-oldrel-windows-x86_64 4.8-0 101.00 643.00 744.00 NOTE

Check Details

Version: 4.8-0
Check: examples
Result: NOTE Examples with CPU (user + system) or elapsed time > 5s user system elapsed deltamethod 5.154 0.008 6.152 matreg 4.355 0.015 5.104 methods.confint.rma 4.053 0.004 5.188 Flavor: r-devel-linux-x86_64-debian-gcc

Version: 4.8-0
Check: installed package size
Result: NOTE installed size is 6.2Mb sub-directories of 1Mb or more: R 3.1Mb help 2.3Mb Flavors: r-oldrel-macos-arm64, r-oldrel-macos-x86_64, r-oldrel-windows-x86_64