Last updated on 2025-07-03 05:50:35 CEST.
Flavor | Version | Tinstall | Tcheck | Ttotal | Status | Flags |
---|---|---|---|---|---|---|
r-devel-linux-x86_64-debian-clang | 0.7 | 102.35 | 80.53 | 182.88 | OK | |
r-devel-linux-x86_64-debian-gcc | 0.7 | 72.86 | 61.80 | 134.66 | OK | |
r-devel-linux-x86_64-fedora-clang | 0.7 | 328.46 | OK | |||
r-devel-linux-x86_64-fedora-gcc | 0.7 | 340.82 | OK | |||
r-devel-windows-x86_64 | 0.7 | 113.00 | 113.00 | 226.00 | OK | |
r-patched-linux-x86_64 | 0.7 | 106.28 | 84.84 | 191.12 | OK | |
r-release-linux-x86_64 | 0.7 | 109.46 | 84.74 | 194.20 | OK | |
r-release-macos-arm64 | 0.7 | 107.00 | OK | |||
r-release-macos-x86_64 | 0.7 | 163.00 | OK | |||
r-release-windows-x86_64 | 0.7 | 116.00 | 111.00 | 227.00 | OK | |
r-oldrel-macos-arm64 | 0.7 | 120.00 | NOTE | |||
r-oldrel-macos-x86_64 | 0.7 | 198.00 | NOTE | |||
r-oldrel-windows-x86_64 | 0.7 | 135.00 | 144.00 | 279.00 | OK |
Version: 0.7
Check: installed package size
Result: NOTE
installed size is 14.9Mb
sub-directories of 1Mb or more:
libs 14.2Mb
Flavors: r-oldrel-macos-arm64, r-oldrel-macos-x86_64