Last updated on 2025-10-27 04:50:07 CET.
| Flavor | Version | Tinstall | Tcheck | Ttotal | Status | Flags |
|---|---|---|---|---|---|---|
| r-devel-linux-x86_64-debian-clang | 0.1.1 | 40.38 | 332.52 | 372.90 | OK | |
| r-devel-linux-x86_64-debian-gcc | 0.1.1 | 26.53 | 220.43 | 246.96 | OK | |
| r-devel-linux-x86_64-fedora-clang | 0.1.1 | 92.00 | 492.02 | 584.02 | OK | |
| r-devel-linux-x86_64-fedora-gcc | 0.1.1 | 80.00 | 475.61 | 555.61 | OK | |
| r-devel-windows-x86_64 | 0.1.1 | 36.00 | 243.00 | 279.00 | OK | |
| r-patched-linux-x86_64 | 0.1.1 | 36.52 | 309.73 | 346.25 | OK | |
| r-release-linux-x86_64 | 0.1.1 | 39.60 | 317.35 | 356.95 | OK | |
| r-release-macos-arm64 | 0.1.1 | 20.00 | 103.00 | 123.00 | OK | |
| r-release-macos-x86_64 | 0.1.1 | 12.00 | ERROR | |||
| r-release-windows-x86_64 | 0.1.1 | 36.00 | 240.00 | 276.00 | OK | |
| r-oldrel-macos-arm64 | 0.1.1 | 14.00 | 98.00 | 112.00 | OK | |
| r-oldrel-macos-x86_64 | 0.1.1 | 22.00 | 152.00 | 174.00 | OK | |
| r-oldrel-windows-x86_64 | 0.1.1 | 50.00 | 357.00 | 407.00 | OK |
Version: 0.1.1
Check: package dependencies
Result: ERROR
Package required but not available: ‘InteractiveComplexHeatmap’
See section ‘The DESCRIPTION file’ in the ‘Writing R Extensions’
manual.
Flavor: r-release-macos-x86_64