CRAN Package Check Results for Package minpack.lm

Last updated on 2025-11-24 04:50:01 CET.

Flavor Version Tinstall Tcheck Ttotal Status Flags
r-devel-linux-x86_64-debian-clang 1.2-4 8.52 23.60 32.12 NOTE
r-devel-linux-x86_64-debian-gcc 1.2-4 5.87 18.66 24.53 NOTE
r-devel-linux-x86_64-fedora-clang 1.2-4 15.00 30.41 45.41 OK
r-devel-linux-x86_64-fedora-gcc 1.2-4 14.00 27.78 41.78 OK
r-devel-windows-x86_64 1.2-4 26.00 43.00 69.00 OK
r-patched-linux-x86_64 1.2-4 6.10 21.51 27.61 OK
r-release-linux-x86_64 1.2-4 5.57 21.69 27.26 OK
r-release-macos-arm64 1.2-4 OK
r-release-macos-x86_64 1.2-4 9.00 33.00 42.00 OK
r-release-windows-x86_64 1.2-4 16.00 52.00 68.00 OK
r-oldrel-macos-arm64 1.2-4 OK
r-oldrel-macos-x86_64 1.2-4 5.00 24.00 29.00 OK
r-oldrel-windows-x86_64 1.2-4 18.00 49.00 67.00 OK

Check Details

Version: 1.2-4
Check: CRAN incoming feasibility
Result: NOTE Maintainer: ‘Katharine M. Mullen <mullenkate@gmail.com>’ No Authors@R field in DESCRIPTION. Please add one, modifying Authors@R: c(person(given = c("Timur", "V."), family = "Elzhov", role = "aut"), person(given = c("Katharine", "M."), family = "Mullen", role = c("aut", "cre"), email = "mullenkate@gmail.com"), person(given = "Andrej-Nikolai", family = "Spiess", role = "aut"), person(given = "Ben", family = "Bolker", role = "aut")) as necessary. Flavors: r-devel-linux-x86_64-debian-clang, r-devel-linux-x86_64-debian-gcc