CRAN Package Check Results for Package misc3d

Last updated on 2025-11-24 04:50:01 CET.

Flavor Version Tinstall Tcheck Ttotal Status Flags
r-devel-linux-x86_64-debian-clang 0.9-1 5.39 49.49 54.88 NOTE
r-devel-linux-x86_64-debian-gcc 0.9-1 4.66 45.12 49.78 NOTE
r-devel-linux-x86_64-fedora-clang 0.9-1 13.00 70.52 83.52 OK
r-devel-linux-x86_64-fedora-gcc 0.9-1 12.00 65.98 77.98 OK
r-devel-windows-x86_64 0.9-1 9.00 79.00 88.00 OK
r-patched-linux-x86_64 0.9-1 5.49 42.70 48.19 NOTE
r-release-linux-x86_64 0.9-1 4.45 41.94 46.39 NOTE
r-release-macos-arm64 0.9-1 OK
r-release-macos-x86_64 0.9-1 7.00 56.00 63.00 OK
r-release-windows-x86_64 0.9-1 6.00 89.00 95.00 OK
r-oldrel-macos-arm64 0.9-1 OK
r-oldrel-macos-x86_64 0.9-1 9.00 37.00 46.00 OK
r-oldrel-windows-x86_64 0.9-1 7.00 99.00 106.00 OK

Check Details

Version: 0.9-1
Check: CRAN incoming feasibility
Result: NOTE Maintainer: ‘Luke Tierney <luke-tierney@uiowa.edu>’ No Authors@R field in DESCRIPTION. Please add one, modifying Authors@R: c(person(given = "Dai", family = "Feng", role = "aut"), person(given = "Luke", family = "Tierney", role = c("aut", "cre"), email = "luke-tierney@uiowa.edu")) as necessary. Package CITATION file contains call(s) to old-style personList() or as.personList(). Please use c() on person objects instead. Package CITATION file contains call(s) to old-style citEntry(). Please use bibentry() instead. Flavors: r-devel-linux-x86_64-debian-clang, r-devel-linux-x86_64-debian-gcc

Version: 0.9-1
Check: for unstated dependencies in ‘demo’
Result: NOTE 'library' or 'require' call not declared from: ‘maps’ Flavors: r-devel-linux-x86_64-debian-clang, r-devel-linux-x86_64-debian-gcc, r-patched-linux-x86_64, r-release-linux-x86_64