Last updated on 2025-11-24 04:50:01 CET.
| Flavor | Version | Tinstall | Tcheck | Ttotal | Status | Flags |
|---|---|---|---|---|---|---|
| r-devel-linux-x86_64-debian-clang | 5.0 | 12.50 | 104.89 | 117.39 | NOTE | |
| r-devel-linux-x86_64-debian-gcc | 5.0 | 10.51 | 83.71 | 94.22 | NOTE | |
| r-devel-linux-x86_64-fedora-clang | 5.0 | 35.00 | 151.52 | 186.52 | OK | |
| r-devel-linux-x86_64-fedora-gcc | 5.0 | 30.00 | 144.17 | 174.17 | OK | |
| r-devel-windows-x86_64 | 5.0 | 17.00 | 110.00 | 127.00 | OK | |
| r-patched-linux-x86_64 | 5.0 | 13.27 | 96.79 | 110.06 | OK | |
| r-release-linux-x86_64 | 5.0 | 13.29 | 97.20 | 110.49 | OK | |
| r-release-macos-arm64 | 5.0 | OK | ||||
| r-release-macos-x86_64 | 5.0 | 14.00 | 82.00 | 96.00 | OK | |
| r-release-windows-x86_64 | 5.0 | 12.00 | 120.00 | 132.00 | OK | |
| r-oldrel-macos-arm64 | 5.0 | OK | ||||
| r-oldrel-macos-x86_64 | 5.0 | 10.00 | 68.00 | 78.00 | OK | |
| r-oldrel-windows-x86_64 | 5.0 | 17.00 | 123.00 | 140.00 | OK |
Version: 5.0
Check: CRAN incoming feasibility
Result: NOTE
Maintainer: ‘Charlotte Dion <charlotte.dion@upmc.fr>’
No Authors@R field in DESCRIPTION.
Please add one, modifying
Authors@R: c(person(given = "Charlotte",
family = "Dion",
role = c("aut", "cre"),
email = "charlotte.dion@upmc.fr"),
person(given = "Adeline",
family = "Sansom",
role = "aut"),
person(given = "Simone",
family = "Hermann",
role = "aut"))
as necessary.
Flavors: r-devel-linux-x86_64-debian-clang, r-devel-linux-x86_64-debian-gcc