Last updated on 2025-11-27 04:49:58 CET.
| Flavor | Version | Tinstall | Tcheck | Ttotal | Status | Flags |
|---|---|---|---|---|---|---|
| r-devel-linux-x86_64-debian-clang | 0.3.0 | 18.71 | 26.91 | 45.62 | NOTE | |
| r-devel-linux-x86_64-debian-gcc | 0.3.0 | 13.01 | 21.95 | 34.96 | NOTE | |
| r-devel-linux-x86_64-fedora-clang | 0.3.0 | 35.00 | 45.37 | 80.37 | NOTE | |
| r-devel-linux-x86_64-fedora-gcc | 0.3.0 | 29.00 | 45.11 | 74.11 | NOTE | |
| r-devel-windows-x86_64 | 0.3.0 | 41.00 | 63.00 | 104.00 | NOTE | |
| r-patched-linux-x86_64 | 0.3.0 | 17.32 | 25.72 | 43.04 | NOTE | |
| r-release-linux-x86_64 | 0.3.0 | 17.65 | 25.59 | 43.24 | NOTE | |
| r-release-macos-arm64 | 0.3.0 | NOTE | ||||
| r-release-macos-x86_64 | 0.3.0 | 9.00 | 27.00 | 36.00 | NOTE | |
| r-release-windows-x86_64 | 0.3.0 | 36.00 | 56.00 | 92.00 | NOTE | |
| r-oldrel-macos-arm64 | 0.3.0 | NOTE | ||||
| r-oldrel-macos-x86_64 | 0.3.0 | 12.00 | 23.00 | 35.00 | NOTE | |
| r-oldrel-windows-x86_64 | 0.3.0 | 39.00 | 77.00 | 116.00 | NOTE |
Version: 0.3.0
Check: C++ specification
Result: NOTE
Specified C++11: please drop specification unless essential
Flavors: r-devel-linux-x86_64-debian-clang, r-devel-linux-x86_64-debian-gcc, r-devel-windows-x86_64, r-patched-linux-x86_64, r-release-linux-x86_64, r-release-macos-arm64, r-release-macos-x86_64, r-release-windows-x86_64, r-oldrel-macos-arm64, r-oldrel-macos-x86_64, r-oldrel-windows-x86_64
Version: 0.3.0
Check: C++ specification
Result: NOTE
Specified C++11: support will be removed soon
Flavors: r-devel-linux-x86_64-fedora-clang, r-devel-linux-x86_64-fedora-gcc
Version: 0.3.0
Check: LazyData
Result: NOTE
'LazyData' is specified without a 'data' directory
Flavors: r-oldrel-macos-arm64, r-oldrel-macos-x86_64, r-oldrel-windows-x86_64