CRAN Package Check Results for Package modelgrid

Last updated on 2025-04-16 05:49:05 CEST.

Flavor Version Tinstall Tcheck Ttotal Status Flags
r-devel-linux-x86_64-debian-clang 1.2.0 13.33 126.56 139.89 NOTE
r-devel-linux-x86_64-debian-gcc 1.2.0 9.07 93.42 102.49 NOTE
r-devel-linux-x86_64-fedora-clang 1.2.0 221.33 OK
r-devel-linux-x86_64-fedora-gcc 1.2.0 269.59 OK
r-devel-windows-x86_64 1.2.0 14.00 132.00 146.00 NOTE
r-patched-linux-x86_64 1.2.0 12.42 123.48 135.90 NOTE
r-release-linux-x86_64 1.2.0 11.84 123.41 135.25 NOTE
r-release-macos-arm64 1.2.0 97.00 OK
r-release-macos-x86_64 1.2.0 167.00 OK
r-release-windows-x86_64 1.2.0 14.00 131.00 145.00 NOTE
r-oldrel-macos-arm64 1.2.0 98.00 OK
r-oldrel-macos-x86_64 1.2.0 132.00 OK
r-oldrel-windows-x86_64 1.2.0 18.00 170.00 188.00 OK

Check Details

Version: 1.2.0
Check: Rd cross-references
Result: NOTE Found the following Rd file(s) with Rd \link{} targets missing package anchors: model_grid.Rd: train Please provide package anchors for all Rd \link{} targets not in the package itself and the base packages. Flavors: r-devel-linux-x86_64-debian-clang, r-devel-linux-x86_64-debian-gcc, r-devel-windows-x86_64, r-patched-linux-x86_64, r-release-linux-x86_64, r-release-windows-x86_64