Last updated on 2025-11-24 04:50:01 CET.
| Flavor | Version | Tinstall | Tcheck | Ttotal | Status | Flags |
|---|---|---|---|---|---|---|
| r-devel-linux-x86_64-debian-clang | 0.4 | 6.80 | 31.47 | 38.27 | NOTE | |
| r-devel-linux-x86_64-debian-gcc | 0.4 | 4.46 | 26.25 | 30.71 | NOTE | |
| r-devel-linux-x86_64-fedora-clang | 0.4 | 13.00 | 44.40 | 57.40 | OK | |
| r-devel-linux-x86_64-fedora-gcc | 0.4 | 14.00 | 40.17 | 54.17 | OK | |
| r-devel-windows-x86_64 | 0.4 | 13.00 | 49.00 | 62.00 | OK | |
| r-patched-linux-x86_64 | 0.4 | 5.93 | 30.28 | 36.21 | OK | |
| r-release-linux-x86_64 | 0.4 | 5.13 | 29.84 | 34.97 | OK | |
| r-release-macos-arm64 | 0.4 | OK | ||||
| r-release-macos-x86_64 | 0.4 | 5.00 | 38.00 | 43.00 | OK | |
| r-release-windows-x86_64 | 0.4 | 8.00 | 55.00 | 63.00 | OK | |
| r-oldrel-macos-arm64 | 0.4 | OK | ||||
| r-oldrel-macos-x86_64 | 0.4 | 4.00 | 31.00 | 35.00 | OK | |
| r-oldrel-windows-x86_64 | 0.4 | 9.00 | 57.00 | 66.00 | OK |
Version: 0.4
Check: CRAN incoming feasibility
Result: NOTE
Maintainer: ‘Yadu Balehosur <yadu@vizualytics.com>’
No Authors@R field in DESCRIPTION.
Please add one, modifying
Authors@R: person(given = "Yadu",
family = "Balehosur",
role = c("aut", "cre"),
email = "yadu@vizualytics.com")
as necessary.
Flavors: r-devel-linux-x86_64-debian-clang, r-devel-linux-x86_64-debian-gcc