Last updated on 2025-10-09 14:50:26 CEST.
Flavor | Version | Tinstall | Tcheck | Ttotal | Status | Flags |
---|---|---|---|---|---|---|
r-devel-linux-x86_64-debian-clang | 3.5.4 | 160.01 | 238.07 | 398.08 | NOTE | |
r-devel-linux-x86_64-debian-gcc | 3.5.4 | 105.64 | 151.05 | 256.69 | NOTE | |
r-devel-linux-x86_64-fedora-clang | 3.5.4 | 729.85 | OK | |||
r-devel-linux-x86_64-fedora-gcc | 3.5.4 | 669.63 | OK | |||
r-devel-windows-x86_64 | 3.5.4 | 184.00 | 265.00 | 449.00 | OK | |
r-patched-linux-x86_64 | 3.5.4 | 161.50 | 221.20 | 382.70 | OK | |
r-release-linux-x86_64 | 3.5.4 | 159.14 | 223.62 | 382.76 | OK | |
r-release-macos-arm64 | 3.5.4 | 175.00 | OK | |||
r-release-macos-x86_64 | 3.5.4 | 244.00 | OK | |||
r-release-windows-x86_64 | 3.5.4 | 191.00 | 260.00 | 451.00 | OK | |
r-oldrel-macos-arm64 | 3.5.4 | 149.00 | NOTE | |||
r-oldrel-macos-x86_64 | 3.5.4 | 198.00 | NOTE | |||
r-oldrel-windows-x86_64 | 3.5.4 | 223.00 | 337.00 | 560.00 | OK |
Version: 3.5.4
Check: CRAN incoming feasibility
Result: NOTE
Maintainer: ‘David Rossell <rosselldavid@gmail.com>’
No Authors@R field in DESCRIPTION.
Please add one, modifying
Authors@R: c(person(given = "David",
family = "Rossell",
role = c("aut", "cre"),
email = "rosselldavid@gmail.com"),
person(given = c("John", "D."),
family = "Cook",
role = "aut"),
person(given = "Donatello",
family = "Telesca",
role = "aut"),
person(given = "P.",
family = "Roebuck",
role = "aut"),
person(given = "Oriol",
family = "Abril",
role = "aut"),
person(given = "Miquel",
family = "Torrens",
role = "aut"))
as necessary.
Flavors: r-devel-linux-x86_64-debian-clang, r-devel-linux-x86_64-debian-gcc
Version: 3.5.4
Check: installed package size
Result: NOTE
installed size is 9.8Mb
sub-directories of 1Mb or more:
libs 8.2Mb
Flavors: r-oldrel-macos-arm64, r-oldrel-macos-x86_64