CRAN Package Check Results for Package mosaicData

Last updated on 2025-11-24 04:50:02 CET.

Flavor Version Tinstall Tcheck Ttotal Status Flags
r-devel-linux-x86_64-debian-clang 0.20.4 2.71 44.01 46.72 NOTE
r-devel-linux-x86_64-debian-gcc 0.20.4 2.09 32.68 34.77 NOTE
r-devel-linux-x86_64-fedora-clang 0.20.4 67.88 OK
r-devel-linux-x86_64-fedora-gcc 0.20.4 63.11 OK
r-devel-windows-x86_64 0.20.4 5.00 69.00 74.00 OK
r-patched-linux-x86_64 0.20.4 4.35 38.30 42.65 OK
r-release-linux-x86_64 0.20.4 3.34 37.59 40.93 OK
r-release-macos-arm64 0.20.4 OK
r-release-macos-x86_64 0.20.4 5.00 34.00 39.00 OK
r-release-windows-x86_64 0.20.4 5.00 65.00 70.00 OK
r-oldrel-macos-arm64 0.20.4 OK
r-oldrel-macos-x86_64 0.20.4 3.00 28.00 31.00 OK
r-oldrel-windows-x86_64 0.20.4 7.00 77.00 84.00 OK

Check Details

Version: 0.20.4
Check: CRAN incoming feasibility
Result: NOTE Maintainer: ‘Randall Pruim <rpruim@calvin.edu>’ No Authors@R field in DESCRIPTION. Please add one, modifying Authors@R: c(person(given = "Randall", family = "Pruim", role = c("aut", "cre"), email = "rpruim@calvin.edu"), person(given = "Daniel", family = "Kaplan", role = "aut", email = "kaplan@macalester.edu"), person(given = "Nicholas", family = "Horton", role = "aut", email = "nhorton@amherst.edu")) as necessary. Flavors: r-devel-linux-x86_64-debian-clang, r-devel-linux-x86_64-debian-gcc