CRAN Package Check Results for Package mrMLM.GUI

Last updated on 2025-07-20 05:48:28 CEST.

Flavor Version Tinstall Tcheck Ttotal Status Flags
r-devel-linux-x86_64-debian-clang 4.0.2 35.65 130.01 165.66 NOTE
r-devel-linux-x86_64-debian-gcc 4.0.2 24.86 92.17 117.03 NOTE
r-devel-linux-x86_64-fedora-clang 4.0.2 270.51 OK
r-devel-linux-x86_64-fedora-gcc 4.0.2 262.29 OK
r-devel-windows-x86_64 4.0.2 42.00 153.00 195.00 OK
r-patched-linux-x86_64 4.0.2 34.43 122.76 157.19 OK
r-release-linux-x86_64 4.0.2 35.82 121.75 157.57 OK
r-release-macos-arm64 4.0.2 75.00 OK
r-release-macos-x86_64 4.0.2 149.00 OK
r-release-windows-x86_64 4.0.2 40.00 159.00 199.00 OK
r-oldrel-macos-arm64 4.0.2 76.00 NOTE
r-oldrel-macos-x86_64 4.0.2 122.00 NOTE
r-oldrel-windows-x86_64 4.0.2 49.00 203.00 252.00 OK

Check Details

Version: 4.0.2
Check: CRAN incoming feasibility
Result: NOTE Maintainer: ‘Yuanming Zhang<soyzhang@mail.hzau.edu.cn>’ No Authors@R field in DESCRIPTION. Please add one, modifying Authors@R: c(person(given = "Zhang", family = "Ya-Wen", role = "aut"), person(given = "Li", family = "Pei", role = "aut"), person(given = "Zhang", family = "Yuan-Ming", role = "aut"), person(given = "Yuanming", family = "Zhang", role = "cre", email = "soyzhang@mail.hzau.edu.cn")) as necessary. Flavors: r-devel-linux-x86_64-debian-clang, r-devel-linux-x86_64-debian-gcc

Version: 4.0.2
Check: installed package size
Result: NOTE installed size is 5.2Mb sub-directories of 1Mb or more: extdata 1.7Mb libs 2.3Mb Flavors: r-oldrel-macos-arm64, r-oldrel-macos-x86_64