Last updated on 2025-05-16 05:49:13 CEST.
Flavor | Version | Tinstall | Tcheck | Ttotal | Status | Flags |
---|---|---|---|---|---|---|
r-devel-linux-x86_64-debian-clang | 0.5-3 | 11.35 | 67.31 | 78.66 | NOTE | |
r-devel-linux-x86_64-debian-gcc | 0.5-3 | 8.71 | 51.22 | 59.93 | NOTE | |
r-devel-linux-x86_64-fedora-clang | 0.5-3 | 129.82 | OK | |||
r-devel-linux-x86_64-fedora-gcc | 0.5-3 | 126.01 | OK | |||
r-devel-windows-x86_64 | 0.5-3 | 15.00 | 89.00 | 104.00 | OK | |
r-patched-linux-x86_64 | 0.5-3 | 10.79 | 64.37 | 75.16 | OK | |
r-release-linux-x86_64 | 0.5-3 | 10.53 | 64.07 | 74.60 | OK | |
r-release-windows-x86_64 | 0.5-3 | 16.00 | 87.00 | 103.00 | OK | |
r-oldrel-windows-x86_64 | 0.5-3 | 18.00 | 97.00 | 115.00 | OK |
Version: 0.5-3
Check: CRAN incoming feasibility
Result: NOTE
Maintainer: ‘Jon Clayden <code@clayden.org>’
Package CITATION file contains call(s) to old-style personList() or
as.personList(). Please use c() on person objects instead.
Package CITATION file contains call(s) to old-style citEntry(). Please
use bibentry() instead.
Flavors: r-devel-linux-x86_64-debian-clang, r-devel-linux-x86_64-debian-gcc