CRAN Package Check Results for Package multibridge

Last updated on 2025-07-22 05:49:43 CEST.

Flavor Version Tinstall Tcheck Ttotal Status Flags
r-devel-linux-x86_64-debian-clang 1.2.0 11.77 260.82 272.59 NOTE
r-devel-linux-x86_64-debian-gcc 1.2.0 7.88 149.07 156.95 NOTE
r-devel-linux-x86_64-fedora-clang 1.2.0 504.64 NOTE
r-devel-linux-x86_64-fedora-gcc 1.2.0 464.61 NOTE
r-devel-windows-x86_64 1.2.0 17.00 246.00 263.00 NOTE
r-patched-linux-x86_64 1.2.0 11.89 245.43 257.32 NOTE
r-release-linux-x86_64 1.2.0 11.13 245.91 257.04 NOTE
r-release-macos-arm64 1.2.0 128.00 NOTE
r-release-macos-x86_64 1.2.0 296.00 NOTE
r-release-windows-x86_64 1.2.0 16.00 256.00 272.00 NOTE
r-oldrel-macos-arm64 1.2.0 110.00 NOTE
r-oldrel-macos-x86_64 1.2.0 180.00 NOTE
r-oldrel-windows-x86_64 1.2.0 21.00 339.00 360.00 NOTE

Check Details

Version: 1.2.0
Check: CRAN incoming feasibility
Result: NOTE Maintainer: ‘Alexandra Sarafoglou <alexandra.sarafoglou@gmail.com>’ Package CITATION file contains call(s) to old-style citEntry(). Please use bibentry() instead. Flavors: r-devel-linux-x86_64-debian-clang, r-devel-linux-x86_64-debian-gcc

Version: 1.2.0
Check: C++ specification
Result: NOTE Specified C++11: please drop specification unless essential Flavors: r-devel-linux-x86_64-debian-clang, r-devel-linux-x86_64-debian-gcc, r-devel-linux-x86_64-fedora-clang, r-devel-linux-x86_64-fedora-gcc, r-devel-windows-x86_64, r-patched-linux-x86_64, r-release-linux-x86_64, r-release-macos-arm64, r-release-macos-x86_64, r-release-windows-x86_64, r-oldrel-macos-arm64, r-oldrel-macos-x86_64, r-oldrel-windows-x86_64