Last updated on 2025-11-24 04:50:02 CET.
| Flavor | Version | Tinstall | Tcheck | Ttotal | Status | Flags |
|---|---|---|---|---|---|---|
| r-devel-linux-x86_64-debian-clang | 1.11 | 7.56 | 78.02 | 85.58 | NOTE | |
| r-devel-linux-x86_64-debian-gcc | 1.11 | 5.57 | 54.60 | 60.17 | NOTE | |
| r-devel-linux-x86_64-fedora-clang | 1.11 | 18.00 | 110.21 | 128.21 | OK | |
| r-devel-linux-x86_64-fedora-gcc | 1.11 | 19.00 | 101.36 | 120.36 | OK | |
| r-devel-windows-x86_64 | 1.11 | 10.00 | 84.00 | 94.00 | OK | |
| r-patched-linux-x86_64 | 1.11 | 7.03 | 72.00 | 79.03 | OK | |
| r-release-linux-x86_64 | 1.11 | 6.07 | 71.82 | 77.89 | OK | |
| r-release-macos-arm64 | 1.11 | OK | ||||
| r-release-macos-x86_64 | 1.11 | 7.00 | 62.00 | 69.00 | OK | |
| r-release-windows-x86_64 | 1.11 | 10.00 | 99.00 | 109.00 | OK | |
| r-oldrel-macos-arm64 | 1.11 | OK | ||||
| r-oldrel-macos-x86_64 | 1.11 | 6.00 | 50.00 | 56.00 | OK | |
| r-oldrel-windows-x86_64 | 1.11 | 14.00 | 108.00 | 122.00 | OK |
Version: 1.11
Check: CRAN incoming feasibility
Result: NOTE
Maintainer: ‘Mark A. van de Wiel <mark.vdwiel@amsterdamumc.nl>’
No Authors@R field in DESCRIPTION.
Please add one, modifying
Authors@R: person(given = c("Mark", "A."),
family = "van de Wiel",
role = c("aut", "cre"),
email = "mark.vdwiel@amsterdamumc.nl")
as necessary.
The Description field contains
be specified. See Van de Wiel et al. (2021), <arXiv:2005.09301>.
Please refer to arXiv e-prints via their arXiv DOI <doi:10.48550/arXiv.YYMM.NNNNN>.
Flavors: r-devel-linux-x86_64-debian-clang, r-devel-linux-x86_64-debian-gcc