CRAN Package Check Results for Package nanoparquet

Last updated on 2025-04-30 05:49:48 CEST.

Flavor Version Tinstall Tcheck Ttotal Status Flags
r-devel-linux-x86_64-debian-clang 0.4.2 137.77 51.37 189.14 NOTE
r-devel-linux-x86_64-debian-gcc 0.4.2 108.04 36.31 144.35 NOTE
r-devel-linux-x86_64-fedora-clang 0.4.2 347.92 NOTE
r-devel-linux-x86_64-fedora-gcc 0.4.2 402.36 NOTE
r-devel-windows-x86_64 0.4.2 43.00 106.00 149.00 NOTE
r-patched-linux-x86_64 0.4.2 158.45 48.27 206.72 NOTE
r-release-linux-x86_64 0.4.2 157.88 47.61 205.49 NOTE
r-release-macos-arm64 0.4.2 74.00 NOTE
r-release-macos-x86_64 0.4.2 146.00 NOTE
r-release-windows-x86_64 0.4.2 47.00 105.00 152.00 NOTE
r-oldrel-macos-arm64 0.4.2 82.00 OK
r-oldrel-macos-x86_64 0.4.2 116.00 OK
r-oldrel-windows-x86_64 0.4.2 50.00 129.00 179.00 OK

Check Details

Version: 0.4.2
Check: compiled code
Result: NOTE File ‘nanoparquet/libs/nanoparquet.so’: Found non-API call to R: ‘DATAPTR’ Compiled code should not call non-API entry points in R. See ‘Writing portable packages’ in the ‘Writing R Extensions’ manual, and section ‘Moving into C API compliance’ for issues with the use of non-API entry points. Flavors: r-devel-linux-x86_64-debian-clang, r-devel-linux-x86_64-debian-gcc, r-devel-linux-x86_64-fedora-clang, r-devel-linux-x86_64-fedora-gcc, r-patched-linux-x86_64, r-release-linux-x86_64, r-release-macos-arm64, r-release-macos-x86_64

Version: 0.4.2
Check: compiled code
Result: NOTE File 'nanoparquet/libs/x64/nanoparquet.dll': Found non-API call to R: 'DATAPTR' Compiled code should not call non-API entry points in R. See 'Writing portable packages' in the 'Writing R Extensions' manual, and section 'Moving into C API compliance' for issues with the use of non-API entry points. Flavors: r-devel-windows-x86_64, r-release-windows-x86_64