Last updated on 2025-04-30 05:49:48 CEST.
Flavor | Version | Tinstall | Tcheck | Ttotal | Status | Flags |
---|---|---|---|---|---|---|
r-devel-linux-x86_64-debian-clang | 0.6-0 | 16.45 | 134.21 | 150.66 | NOTE | |
r-devel-linux-x86_64-debian-gcc | 0.6-0 | 11.25 | 91.54 | 102.79 | NOTE | |
r-devel-linux-x86_64-fedora-clang | 0.6-0 | 235.76 | OK | |||
r-devel-linux-x86_64-fedora-gcc | 0.6-0 | 214.11 | OK | |||
r-devel-windows-x86_64 | 0.6-0 | 17.00 | 136.00 | 153.00 | OK | |
r-patched-linux-x86_64 | 0.6-0 | 17.01 | 125.37 | 142.38 | OK | |
r-release-linux-x86_64 | 0.6-0 | 15.06 | 125.82 | 140.88 | OK | |
r-release-macos-arm64 | 0.6-0 | 60.00 | OK | |||
r-release-macos-x86_64 | 0.6-0 | 120.00 | OK | |||
r-release-windows-x86_64 | 0.6-0 | 18.00 | 132.00 | 150.00 | OK | |
r-oldrel-macos-arm64 | 0.6-0 | 64.00 | OK | |||
r-oldrel-macos-x86_64 | 0.6-0 | 128.00 | OK | |||
r-oldrel-windows-x86_64 | 0.6-0 | 23.00 | 168.00 | 191.00 | OK |
Version: 0.6-0
Check: examples
Result: NOTE
Examples with CPU (user + system) or elapsed time > 5s
user system elapsed
plot.netdose 7.184 0.113 8.721
netdose 5.468 0.055 6.020
predict.netdose 5.196 0.034 6.353
Flavor: r-devel-linux-x86_64-debian-clang
Version: 0.6-0
Check: examples
Result: NOTE
Examples with CPU (user + system) or elapsed time > 5s
user system elapsed
plot.netdose 4.265 0.148 5.471
Flavor: r-devel-linux-x86_64-debian-gcc