Last updated on 2025-10-09 14:50:27 CEST.
Flavor | Version | Tinstall | Tcheck | Ttotal | Status | Flags |
---|---|---|---|---|---|---|
r-devel-linux-x86_64-debian-clang | 1.2 | 3.28 | 46.44 | 49.72 | NOTE | |
r-devel-linux-x86_64-debian-gcc | 1.2 | 2.33 | 31.64 | 33.97 | NOTE | |
r-devel-linux-x86_64-fedora-clang | 1.2 | 74.37 | OK | |||
r-devel-linux-x86_64-fedora-gcc | 1.2 | 73.56 | OK | |||
r-devel-windows-x86_64 | 1.2 | 4.00 | 61.00 | 65.00 | OK | |
r-patched-linux-x86_64 | 1.2 | 3.40 | 42.82 | 46.22 | OK | |
r-release-linux-x86_64 | 1.2 | 3.11 | 42.92 | 46.03 | OK | |
r-release-macos-arm64 | 1.2 | 26.00 | OK | |||
r-release-macos-x86_64 | 1.2 | 48.00 | OK | |||
r-release-windows-x86_64 | 1.2 | 5.00 | 62.00 | 67.00 | OK | |
r-oldrel-macos-arm64 | 1.2 | 21.00 | OK | |||
r-oldrel-macos-x86_64 | 1.2 | 32.00 | OK | |||
r-oldrel-windows-x86_64 | 1.2 | 5.00 | 74.00 | 79.00 | OK |
Version: 1.2
Check: CRAN incoming feasibility
Result: NOTE
Maintainer: ‘Bulent Altunkaynak <bulenta@gazi.edu.tr>’
No Authors@R field in DESCRIPTION.
Please add one, modifying
Authors@R: c(person(given = "Bulent",
family = "Altunkaynak",
role = c("aut", "cre"),
email = "bulenta@gazi.edu.tr"),
person(given = "Hamza",
family = "Gamgam",
role = "aut"))
as necessary.
Flavors: r-devel-linux-x86_64-debian-clang, r-devel-linux-x86_64-debian-gcc