Last updated on 2025-05-21 05:51:58 CEST.
Flavor | Version | Tinstall | Tcheck | Ttotal | Status | Flags |
---|---|---|---|---|---|---|
r-devel-linux-x86_64-debian-clang | 1.0.11 | 9.42 | 81.03 | 90.45 | NOTE | |
r-devel-linux-x86_64-debian-gcc | 1.0.11 | 6.25 | 57.73 | 63.98 | NOTE | |
r-devel-linux-x86_64-fedora-clang | 1.0.11 | 139.68 | NOTE | |||
r-devel-linux-x86_64-fedora-gcc | 1.0.11 | 151.04 | NOTE | |||
r-devel-windows-x86_64 | 1.0.11 | 10.00 | 102.00 | 112.00 | NOTE | |
r-patched-linux-x86_64 | 1.0.11 | 9.95 | 76.11 | 86.06 | NOTE | |
r-release-linux-x86_64 | 1.0.11 | 8.67 | 76.18 | 84.85 | NOTE | |
r-release-macos-arm64 | 1.0.11 | 43.00 | NOTE | |||
r-release-macos-x86_64 | 1.0.11 | 99.00 | NOTE | |||
r-release-windows-x86_64 | 1.0.11 | 12.00 | 106.00 | 118.00 | NOTE | |
r-oldrel-macos-arm64 | 1.0.11 | 45.00 | NOTE | |||
r-oldrel-macos-x86_64 | 1.0.11 | 72.00 | NOTE | |||
r-oldrel-windows-x86_64 | 1.0.11 | 14.00 | 109.00 | 123.00 | NOTE |
Version: 1.0.11
Check: CRAN incoming feasibility
Result: NOTE
Maintainer: ‘Volker Schmid <volker.schmid@lmu.de>’
Package CITATION file contains call(s) to old-style personList() or
as.personList(). Please use c() on person objects instead.
Package CITATION file contains call(s) to old-style citEntry(). Please
use bibentry() instead.
Flavors: r-devel-linux-x86_64-debian-clang, r-devel-linux-x86_64-debian-gcc
Version: 1.0.11
Check: package subdirectories
Result: NOTE
Problems with news in ‘NEWS.md’:
No news entries found.
Flavors: r-devel-linux-x86_64-debian-clang, r-devel-linux-x86_64-debian-gcc, r-devel-linux-x86_64-fedora-clang, r-devel-linux-x86_64-fedora-gcc, r-devel-windows-x86_64, r-patched-linux-x86_64, r-release-linux-x86_64, r-release-macos-arm64, r-release-macos-x86_64, r-release-windows-x86_64, r-oldrel-macos-arm64, r-oldrel-macos-x86_64, r-oldrel-windows-x86_64