Last updated on 2025-04-30 05:49:49 CEST.
Flavor | Version | Tinstall | Tcheck | Ttotal | Status | Flags |
---|---|---|---|---|---|---|
r-devel-linux-x86_64-fedora-clang | 1.0.0 | 253.02 | OK | |||
r-devel-linux-x86_64-fedora-gcc | 1.0.0 | 249.77 | OK | |||
r-release-macos-arm64 | 1.0.0 | 61.00 | ERROR | |||
r-release-macos-x86_64 | 1.0.0 | 125.00 | OK | |||
r-release-windows-x86_64 | 1.0.0 | 29.00 | 148.00 | 177.00 | OK | |
r-oldrel-macos-arm64 | 1.0.0 | 80.00 | ERROR | |||
r-oldrel-macos-x86_64 | 1.0.0 | 136.00 | NOTE |
Version: 1.0.0
Check: examples
Result: ERROR
Running examples in ‘oRaklE-Ex.R’ failed
The error most likely occurred in:
> ### Name: decompose_load_data
> ### Title: Decomposing the load data into long-, mid- and short-term
> ### component
> ### Aliases: decompose_load_data
>
> ### ** Examples
>
>
> example_decomposed_data <- decompose_load_data(example_demand_data_filled)
Error in decompose_load_data(example_demand_data_filled) :
Execution halted
Flavors: r-release-macos-arm64, r-oldrel-macos-arm64
Version: 1.0.0
Check: installed package size
Result: NOTE
installed size is 5.6Mb
sub-directories of 1Mb or more:
data 4.5Mb
Flavors: r-oldrel-macos-arm64, r-oldrel-macos-x86_64