CRAN Package Check Results for Package ontologySimilarity

Last updated on 2025-07-27 05:48:37 CEST.

Flavor Version Tinstall Tcheck Ttotal Status Flags
r-devel-linux-x86_64-debian-clang 2.7 30.89 223.69 254.58 NOTE
r-devel-linux-x86_64-debian-gcc 2.7 21.99 172.45 194.44 NOTE
r-devel-linux-x86_64-fedora-clang 2.7 394.16 OK
r-devel-linux-x86_64-fedora-gcc 2.7 353.00 OK
r-devel-windows-x86_64 2.7 37.00 245.00 282.00 OK
r-patched-linux-x86_64 2.7 33.60 199.30 232.90 OK
r-release-linux-x86_64 2.7 31.52 199.06 230.58 OK
r-release-macos-arm64 2.7 151.00 OK
r-release-macos-x86_64 2.7 478.00 OK
r-release-windows-x86_64 2.7 37.00 233.00 270.00 OK
r-oldrel-macos-arm64 2.7 117.00 OK
r-oldrel-macos-x86_64 2.7 160.00 OK
r-oldrel-windows-x86_64 2.7 38.00 286.00 324.00 OK

Check Details

Version: 2.7
Check: CRAN incoming feasibility
Result: NOTE Maintainer: ‘Daniel Greene <dg333@cam.ac.uk>’ No Authors@R field in DESCRIPTION. Please add one, modifying Authors@R: person(given = "Daniel", family = "Greene", role = c("aut", "cre"), email = "dg333@cam.ac.uk") as necessary. Flavors: r-devel-linux-x86_64-debian-clang, r-devel-linux-x86_64-debian-gcc