Last updated on 2025-05-05 15:50:14 CEST.
Flavor | Version | Tinstall | Tcheck | Ttotal | Status | Flags |
---|---|---|---|---|---|---|
r-devel-linux-x86_64-debian-clang | 0.0.2 | 1.77 | 22.18 | 23.95 | NOTE | |
r-devel-linux-x86_64-debian-gcc | 0.0.2 | 1.40 | 17.93 | 19.33 | NOTE | |
r-devel-linux-x86_64-fedora-clang | 0.0.2 | 34.32 | NOTE | |||
r-devel-linux-x86_64-fedora-gcc | 0.0.2 | 33.07 | NOTE | |||
r-devel-windows-x86_64 | 0.0.2 | 3.00 | 42.00 | 45.00 | NOTE | |
r-patched-linux-x86_64 | 0.0.2 | 1.53 | 20.85 | 22.38 | NOTE | |
r-release-linux-x86_64 | 0.0.2 | 1.70 | 20.72 | 22.42 | NOTE | |
r-release-macos-arm64 | 0.0.2 | 23.00 | NOTE | |||
r-release-macos-x86_64 | 0.0.2 | 31.00 | NOTE | |||
r-release-windows-x86_64 | 0.0.2 | 3.00 | 44.00 | 47.00 | NOTE | |
r-oldrel-macos-arm64 | 0.0.2 | 22.00 | OK | |||
r-oldrel-macos-x86_64 | 0.0.2 | 34.00 | OK | |||
r-oldrel-windows-x86_64 | 0.0.2 | 4.00 | 49.00 | 53.00 | OK |
Version: 0.0.2
Check: DESCRIPTION meta-information
Result: NOTE
Missing dependency on R >= 4.1.0 because package code uses the pipe
|> or function shorthand \(...) syntax added in R 4.1.0.
File(s) using such syntax:
‘create.R’ ‘og_validate.Rd’ ‘parse.R’ ‘property.R’
Flavors: r-devel-linux-x86_64-debian-clang, r-devel-linux-x86_64-debian-gcc, r-devel-linux-x86_64-fedora-clang, r-devel-linux-x86_64-fedora-gcc, r-devel-windows-x86_64, r-patched-linux-x86_64, r-release-linux-x86_64, r-release-macos-arm64, r-release-macos-x86_64, r-release-windows-x86_64