CRAN Package Check Results for Package openxlsx

Last updated on 2025-04-30 05:49:49 CEST.

Flavor Version Tinstall Tcheck Ttotal Status Flags
r-devel-linux-x86_64-debian-clang 4.2.8 95.23 120.57 215.80 OK
r-devel-linux-x86_64-debian-gcc 4.2.8 64.89 82.70 147.59 OK
r-devel-linux-x86_64-fedora-clang 4.2.8 368.05 OK
r-devel-linux-x86_64-fedora-gcc 4.2.8 371.65 OK
r-devel-windows-x86_64 4.2.8 102.00 182.00 284.00 OK
r-patched-linux-x86_64 4.2.8 92.30 110.85 203.15 OK
r-release-linux-x86_64 4.2.8 100.28 111.50 211.78 OK
r-release-macos-arm64 4.2.8 99.00 OK
r-release-macos-x86_64 4.2.8 208.00 OK
r-release-windows-x86_64 4.2.8 97.00 178.00 275.00 OK
r-oldrel-macos-arm64 4.2.8 118.00 NOTE
r-oldrel-macos-x86_64 4.2.8 260.00 NOTE
r-oldrel-windows-x86_64 4.2.8 121.00 203.00 324.00 OK

Check Details

Version: 4.2.8
Check: installed package size
Result: NOTE installed size is 7.4Mb sub-directories of 1Mb or more: extdata 1.2Mb libs 5.1Mb Flavors: r-oldrel-macos-arm64, r-oldrel-macos-x86_64