Last updated on 2025-05-22 05:51:09 CEST.
Flavor | Version | Tinstall | Tcheck | Ttotal | Status | Flags |
---|---|---|---|---|---|---|
r-devel-linux-x86_64-debian-clang | 0.1-8 | 1.75 | 20.95 | 22.70 | NOTE | |
r-devel-linux-x86_64-debian-gcc | 0.1-8 | 1.60 | 17.17 | 18.77 | NOTE | |
r-devel-linux-x86_64-fedora-clang | 0.1-8 | 34.71 | OK | |||
r-devel-linux-x86_64-fedora-gcc | 0.1-8 | 33.25 | OK | |||
r-devel-windows-x86_64 | 0.1-8 | 3.00 | 58.00 | 61.00 | OK | |
r-patched-linux-x86_64 | 0.1-8 | 2.21 | 19.98 | 22.19 | OK | |
r-release-linux-x86_64 | 0.1-8 | 1.67 | 20.02 | 21.69 | OK | |
r-release-macos-arm64 | 0.1-8 | 17.00 | OK | |||
r-release-macos-x86_64 | 0.1-8 | 26.00 | OK | |||
r-release-windows-x86_64 | 0.1-8 | 3.00 | 70.00 | 73.00 | OK | |
r-oldrel-macos-arm64 | 0.1-8 | 20.00 | OK | |||
r-oldrel-macos-x86_64 | 0.1-8 | 22.00 | OK | |||
r-oldrel-windows-x86_64 | 0.1-8 | 4.00 | 51.00 | 55.00 | OK |
Version: 0.1-8
Check: CRAN incoming feasibility
Result: NOTE
Maintainer: ‘Romain Francois <romain@r-enthusiasts.com>’
No Authors@R field in DESCRIPTION.
Please add one, modifying
Authors@R: person(given = "Romain",
family = "Francois",
role = c("aut", "cre"),
email = "romain@r-enthusiasts.com")
as necessary.
Flavors: r-devel-linux-x86_64-debian-clang, r-devel-linux-x86_64-debian-gcc