Last updated on 2025-07-20 05:48:29 CEST.
Flavor | Version | Tinstall | Tcheck | Ttotal | Status | Flags |
---|---|---|---|---|---|---|
r-devel-linux-x86_64-debian-clang | 0.1.2 | 3.81 | 52.21 | 56.02 | NOTE | |
r-devel-linux-x86_64-debian-gcc | 0.1.2 | 2.98 | 35.91 | 38.89 | NOTE | |
r-devel-linux-x86_64-fedora-clang | 0.1.2 | 86.42 | OK | |||
r-devel-linux-x86_64-fedora-gcc | 0.1.2 | 84.66 | OK | |||
r-devel-windows-x86_64 | 0.1.2 | 5.00 | 74.00 | 79.00 | OK | |
r-patched-linux-x86_64 | 0.1.2 | 3.99 | 49.48 | 53.47 | OK | |
r-release-linux-x86_64 | 0.1.2 | 3.42 | 49.77 | 53.19 | OK | |
r-release-macos-arm64 | 0.1.2 | 30.00 | OK | |||
r-release-macos-x86_64 | 0.1.2 | 54.00 | OK | |||
r-release-windows-x86_64 | 0.1.2 | 6.00 | 72.00 | 78.00 | OK | |
r-oldrel-macos-arm64 | 0.1.2 | 27.00 | OK | |||
r-oldrel-macos-x86_64 | 0.1.2 | 42.00 | OK | |||
r-oldrel-windows-x86_64 | 0.1.2 | 7.00 | 88.00 | 95.00 | OK |
Version: 0.1.2
Check: CRAN incoming feasibility
Result: NOTE
Maintainer: ‘Sizhong Yang <yanglzu@163.com>’
No Authors@R field in DESCRIPTION.
Please add one, modifying
Authors@R: person(given = "Sizhong",
family = "Yang",
role = c("aut", "cre"),
email = "yanglzu@163.com")
as necessary.
Flavors: r-devel-linux-x86_64-debian-clang, r-devel-linux-x86_64-debian-gcc