Last updated on 2025-11-24 04:50:03 CET.
| Flavor | Version | Tinstall | Tcheck | Ttotal | Status | Flags |
|---|---|---|---|---|---|---|
| r-devel-linux-x86_64-debian-clang | 0.5.1 | 3.52 | 34.11 | 37.63 | NOTE | |
| r-devel-linux-x86_64-debian-gcc | 0.5.1 | 2.46 | 25.56 | 28.02 | NOTE | |
| r-devel-linux-x86_64-fedora-clang | 0.5.1 | 55.06 | OK | |||
| r-devel-linux-x86_64-fedora-gcc | 0.5.1 | 15.00 | 42.44 | 57.44 | OK | |
| r-devel-windows-x86_64 | 0.5.1 | 8.00 | 56.00 | 64.00 | OK | |
| r-patched-linux-x86_64 | 0.5.1 | 3.77 | 30.34 | 34.11 | OK | |
| r-release-linux-x86_64 | 0.5.1 | 3.37 | 29.86 | 33.23 | OK | |
| r-release-macos-arm64 | 0.5.1 | OK | ||||
| r-release-macos-x86_64 | 0.5.1 | 4.00 | 34.00 | 38.00 | OK | |
| r-release-windows-x86_64 | 0.5.1 | 7.00 | 56.00 | 63.00 | OK | |
| r-oldrel-macos-arm64 | 0.5.1 | OK | ||||
| r-oldrel-macos-x86_64 | 0.5.1 | 3.00 | 34.00 | 37.00 | OK | |
| r-oldrel-windows-x86_64 | 0.5.1 | 7.00 | 67.00 | 74.00 | OK |
Version: 0.5.1
Check: CRAN incoming feasibility
Result: NOTE
Maintainer: ‘Tyler Rinker <tyler.rinker@gmail.com>’
Package CITATION file contains call(s) to old-style citEntry(). Please
use bibentry() instead.
Flavors: r-devel-linux-x86_64-debian-clang, r-devel-linux-x86_64-debian-gcc