Last updated on 2024-06-18 05:57:43 CEST.
Flavor | Version | Tinstall | Tcheck | Ttotal | Status | Flags |
---|---|---|---|---|---|---|
r-devel-linux-x86_64-debian-clang | 1.2.1 | 19.78 | 222.25 | 242.03 | OK | |
r-devel-linux-x86_64-debian-gcc | 1.2.1 | 18.34 | 163.84 | 182.18 | OK | |
r-devel-linux-x86_64-fedora-clang | 1.2.1 | 318.28 | NOTE | |||
r-devel-linux-x86_64-fedora-gcc | 1.2.1 | 303.35 | OK | |||
r-devel-windows-x86_64 | 1.2.1 | 20.00 | 247.00 | 267.00 | OK | |
r-patched-linux-x86_64 | 1.2.1 | 29.37 | 211.46 | 240.83 | OK | |
r-release-linux-x86_64 | 1.2.1 | 20.84 | 213.93 | 234.77 | OK | |
r-release-macos-arm64 | 1.2.1 | 82.00 | OK | |||
r-release-macos-x86_64 | 1.2.1 | 131.00 | OK | |||
r-release-windows-x86_64 | 1.2.1 | 22.00 | 256.00 | 278.00 | OK | |
r-oldrel-macos-arm64 | 1.2.1 | 96.00 | OK | |||
r-oldrel-macos-x86_64 | 1.2.1 | 246.00 | OK | |||
r-oldrel-windows-x86_64 | 1.2.1 | 28.00 | 263.00 | 291.00 | OK |
Version: 1.2.1
Check: Rd cross-references
Result: NOTE
Undeclared packages ‘partykit’, ‘Cubist’, ‘rules’, ‘h2o’, ‘agua’, ‘baguette’, ‘ipred’, ‘dbarts’, ‘lightgbm’, ‘bonsai’, ‘mboost’, ‘mda’, ‘sda’, ‘sparsediscrim’, ‘klaR’, ‘workflows’, ‘brulee’, ‘glmnet’, ‘rstan’, ‘rstanarm’, ‘naivebayes’, ‘plsmod’, ‘pscl’, ‘aorsf’, ‘randomForest’, ‘xrf’, ‘flexsurv’, ‘broom’ in Rd xrefs
Flavor: r-devel-linux-x86_64-fedora-clang