Last updated on 2025-11-24 04:50:03 CET.
| Flavor | Version | Tinstall | Tcheck | Ttotal | Status | Flags |
|---|---|---|---|---|---|---|
| r-devel-linux-x86_64-debian-clang | 1.1.0 | 46.32 | 28.08 | 74.40 | OK | |
| r-devel-linux-x86_64-debian-gcc | 1.1.0 | 38.92 | 28.01 | 66.93 | OK | |
| r-devel-linux-x86_64-fedora-clang | 1.1.0 | 96.00 | 21.78 | 117.78 | OK | |
| r-devel-linux-x86_64-fedora-gcc | 1.1.0 | 116.00 | 17.07 | 133.07 | OK | |
| r-devel-windows-x86_64 | 1.1.0 | 66.00 | 65.00 | 131.00 | OK | |
| r-patched-linux-x86_64 | 1.1.0 | 54.88 | 32.16 | 87.04 | OK | |
| r-release-linux-x86_64 | 1.1.0 | 54.62 | 32.59 | 87.21 | OK | |
| r-release-macos-arm64 | 1.1.0 | OK | ||||
| r-release-macos-x86_64 | 1.1.0 | 45.00 | 28.00 | 73.00 | OK | |
| r-release-windows-x86_64 | 1.1.0 | 60.00 | 64.00 | 124.00 | OK | |
| r-oldrel-macos-arm64 | 1.1.0 | NOTE | ||||
| r-oldrel-macos-x86_64 | 1.1.0 | 48.00 | 26.00 | 74.00 | NOTE | |
| r-oldrel-windows-x86_64 | 1.1.0 | 68.00 | 79.00 | 147.00 | NOTE |
Version: 1.1.0
Check: installed package size
Result: NOTE
installed size is 27.6Mb
sub-directories of 1Mb or more:
libs 27.5Mb
Flavors: r-oldrel-macos-arm64, r-oldrel-macos-x86_64
Version: 1.1.0
Check: for GNU extensions in Makefiles
Result: NOTE
GNU make is a SystemRequirements.
Flavors: r-oldrel-macos-arm64, r-oldrel-macos-x86_64, r-oldrel-windows-x86_64