Last updated on 2025-05-20 05:50:18 CEST.
Flavor | Version | Tinstall | Tcheck | Ttotal | Status | Flags |
---|---|---|---|---|---|---|
r-devel-linux-x86_64-debian-clang | 2.2.2 | 2.81 | 38.96 | 41.77 | NOTE | |
r-devel-linux-x86_64-debian-gcc | 2.2.2 | 2.08 | 28.86 | 30.94 | NOTE | |
r-devel-linux-x86_64-fedora-clang | 2.2.2 | 64.27 | OK | |||
r-devel-linux-x86_64-fedora-gcc | 2.2.2 | 75.05 | OK | |||
r-devel-windows-x86_64 | 2.2.2 | 4.00 | 73.00 | 77.00 | OK | |
r-patched-linux-x86_64 | 2.2.2 | 2.97 | 35.47 | 38.44 | OK | |
r-release-linux-x86_64 | 2.2.2 | 2.57 | 35.51 | 38.08 | OK | |
r-release-macos-arm64 | 2.2.2 | 31.00 | OK | |||
r-release-macos-x86_64 | 2.2.2 | 56.00 | OK | |||
r-release-windows-x86_64 | 2.2.2 | 3.00 | 79.00 | 82.00 | OK | |
r-oldrel-macos-arm64 | 2.2.2 | 26.00 | OK | |||
r-oldrel-macos-x86_64 | 2.2.2 | 74.00 | OK | |||
r-oldrel-windows-x86_64 | 2.2.2 | 4.00 | 75.00 | 79.00 | OK |
Version: 2.2.2
Check: CRAN incoming feasibility
Result: NOTE
Maintainer: ‘Maxime Turgeon <maxime.turgeon@mail.mcgill.ca>’
Package CITATION file contains call(s) to old-style personList() or
as.personList(). Please use c() on person objects instead.
Package CITATION file contains call(s) to old-style citEntry(). Please
use bibentry() instead.
Flavors: r-devel-linux-x86_64-debian-clang, r-devel-linux-x86_64-debian-gcc