Last updated on 2025-07-28 05:50:30 CEST.
Flavor | Version | Tinstall | Tcheck | Ttotal | Status | Flags |
---|---|---|---|---|---|---|
r-devel-linux-x86_64-debian-clang | 1.2.4 | 69.50 | 82.44 | 151.94 | NOTE | |
r-devel-linux-x86_64-debian-gcc | 1.2.4 | 52.00 | 59.56 | 111.56 | NOTE | |
r-devel-linux-x86_64-fedora-clang | 1.2.4 | 253.35 | NOTE | |||
r-devel-linux-x86_64-fedora-gcc | 1.2.4 | 292.40 | NOTE | |||
r-devel-windows-x86_64 | 1.2.4 | 80.00 | 118.00 | 198.00 | NOTE | |
r-patched-linux-x86_64 | 1.2.4 | 73.47 | 77.56 | 151.03 | NOTE | |
r-release-linux-x86_64 | 1.2.4 | 74.79 | 77.79 | 152.58 | NOTE | |
r-release-macos-arm64 | 1.2.4 | 77.00 | NOTE | |||
r-release-macos-x86_64 | 1.2.4 | 133.00 | NOTE | |||
r-release-windows-x86_64 | 1.2.4 | 78.00 | 115.00 | 193.00 | NOTE | |
r-oldrel-macos-arm64 | 1.2.4 | 78.00 | NOTE | |||
r-oldrel-macos-x86_64 | 1.2.4 | 108.00 | NOTE | |||
r-oldrel-windows-x86_64 | 1.2.4 | 93.00 | 146.00 | 239.00 | NOTE |
Version: 1.2.4
Check: C++ specification
Result: NOTE
Specified C++11: please drop specification unless essential
Flavors: r-devel-linux-x86_64-debian-clang, r-devel-linux-x86_64-debian-gcc, r-devel-linux-x86_64-fedora-clang, r-devel-linux-x86_64-fedora-gcc, r-devel-windows-x86_64, r-patched-linux-x86_64, r-release-linux-x86_64, r-release-macos-arm64, r-release-macos-x86_64, r-release-windows-x86_64, r-oldrel-macos-arm64, r-oldrel-macos-x86_64, r-oldrel-windows-x86_64
Version: 1.2.4
Check: Rd files
Result: NOTE
checkRd: (-1) pdkMeans.Rd:63: Lost braces
63 | \cite{C18}{pdSpecEst} for more details. Note that this comes at the cost of increased computation time in comparison to one
| ^
Flavors: r-devel-linux-x86_64-debian-clang, r-devel-linux-x86_64-debian-gcc, r-devel-linux-x86_64-fedora-clang, r-devel-linux-x86_64-fedora-gcc, r-devel-windows-x86_64, r-patched-linux-x86_64, r-release-linux-x86_64, r-release-macos-arm64, r-release-macos-x86_64, r-release-windows-x86_64, r-oldrel-macos-arm64, r-oldrel-macos-x86_64, r-oldrel-windows-x86_64
Version: 1.2.4
Check: installed package size
Result: NOTE
installed size is 7.2Mb
sub-directories of 1Mb or more:
libs 6.2Mb
Flavors: r-oldrel-macos-arm64, r-oldrel-macos-x86_64
Version: 1.2.4
Check: LazyData
Result: NOTE
'LazyData' is specified without a 'data' directory
Flavors: r-oldrel-macos-arm64, r-oldrel-macos-x86_64, r-oldrel-windows-x86_64