Last updated on 2025-11-24 04:50:03 CET.
| Flavor | Version | Tinstall | Tcheck | Ttotal | Status | Flags |
|---|---|---|---|---|---|---|
| r-devel-linux-x86_64-debian-clang | 1.0.2 | 1.50 | 24.32 | 25.82 | OK | |
| r-devel-linux-x86_64-debian-gcc | 1.0.2 | 1.32 | 21.88 | 23.20 | OK | |
| r-devel-linux-x86_64-fedora-clang | 1.0.2 | 40.66 | OK | |||
| r-devel-linux-x86_64-fedora-gcc | 1.0.2 | 50.32 | OK | |||
| r-devel-windows-x86_64 | 1.0.2 | 4.00 | 42.00 | 46.00 | OK | |
| r-patched-linux-x86_64 | 1.0.2 | 1.62 | 22.43 | 24.05 | OK | |
| r-release-linux-x86_64 | 1.0.2 | 1.61 | 22.69 | 24.30 | OK | |
| r-release-macos-arm64 | 1.0.2 | OK | ||||
| r-release-macos-x86_64 | 1.0.2 | 1.00 | 39.00 | 40.00 | OK | |
| r-release-windows-x86_64 | 1.0.2 | 3.00 | 49.00 | 52.00 | OK | |
| r-oldrel-macos-arm64 | 1.0.2 | NOTE | ||||
| r-oldrel-macos-x86_64 | 1.0.2 | 1.00 | 31.00 | 32.00 | NOTE | |
| r-oldrel-windows-x86_64 | 1.0.2 | 2.00 | 47.00 | 49.00 | NOTE |
Version: 1.0.2
Check: LazyData
Result: NOTE
'LazyData' is specified without a 'data' directory
Flavors: r-oldrel-macos-arm64, r-oldrel-macos-x86_64, r-oldrel-windows-x86_64