Last updated on 2025-11-24 04:50:04 CET.
| Flavor | Version | Tinstall | Tcheck | Ttotal | Status | Flags |
|---|---|---|---|---|---|---|
| r-devel-linux-x86_64-debian-clang | 1.1 | 7.73 | 68.34 | 76.07 | NOTE | |
| r-devel-linux-x86_64-debian-gcc | 1.1 | 4.77 | 51.68 | 56.45 | NOTE | |
| r-devel-linux-x86_64-fedora-clang | 1.1 | 15.00 | 100.93 | 115.93 | OK | |
| r-devel-linux-x86_64-fedora-gcc | 1.1 | 17.00 | 93.33 | 110.33 | OK | |
| r-devel-windows-x86_64 | 1.1 | 10.00 | 80.00 | 90.00 | OK | |
| r-patched-linux-x86_64 | 1.1 | 7.12 | 65.21 | 72.33 | OK | |
| r-release-linux-x86_64 | 1.1 | 6.47 | 65.09 | 71.56 | OK | |
| r-release-macos-arm64 | 1.1 | OK | ||||
| r-release-macos-x86_64 | 1.1 | 6.00 | 51.00 | 57.00 | OK | |
| r-release-windows-x86_64 | 1.1 | 10.00 | 78.00 | 88.00 | OK | |
| r-oldrel-macos-arm64 | 1.1 | OK | ||||
| r-oldrel-macos-x86_64 | 1.1 | 5.00 | 41.00 | 46.00 | OK | |
| r-oldrel-windows-x86_64 | 1.1 | 12.00 | 94.00 | 106.00 | OK |
Version: 1.1
Check: CRAN incoming feasibility
Result: NOTE
Maintainer: ‘Kenneth B. Hoehn <perspectev@gmail.com>’
Package CITATION file contains call(s) to old-style citEntry(). Please
use bibentry() instead.
The Description field contains
http://evolve.zoo.ox.ac.uk/Evolve/Perspectev.html.
Please enclose URLs in angle brackets (<...>).
Flavors: r-devel-linux-x86_64-debian-clang, r-devel-linux-x86_64-debian-gcc