CRAN Package Check Results for Package pgnorm

Last updated on 2025-05-15 05:50:31 CEST.

Flavor Version Tinstall Tcheck Ttotal Status Flags
r-devel-linux-x86_64-debian-clang 2.0 2.08 21.38 23.46 NOTE
r-devel-linux-x86_64-debian-gcc 2.0 1.74 16.73 18.47 NOTE
r-devel-linux-x86_64-fedora-clang 2.0 38.03 OK
r-devel-linux-x86_64-fedora-gcc 2.0 35.86 OK
r-devel-windows-x86_64 2.0 3.00 41.00 44.00 OK
r-patched-linux-x86_64 2.0 2.44 20.52 22.96 OK
r-release-linux-x86_64 2.0 2.11 20.37 22.48 OK
r-release-macos-arm64 2.0 15.00 OK
r-release-macos-x86_64 2.0 28.00 OK
r-release-windows-x86_64 2.0 4.00 47.00 51.00 OK
r-oldrel-macos-arm64 2.0 15.00 OK
r-oldrel-macos-x86_64 2.0 27.00 OK
r-oldrel-windows-x86_64 2.0 3.00 40.00 43.00 OK

Check Details

Version: 2.0
Check: CRAN incoming feasibility
Result: NOTE Maintainer: ‘Steve Kalke <steve.kalke@googlemail.com>’ No Authors@R field in DESCRIPTION. Please add one, modifying Authors@R: person(given = "Steve", family = "Kalke", role = c("aut", "cre"), email = "steve.kalke@googlemail.com") as necessary. File 'R/pgnorm-internal.R' sets .Random.seed. This is usually neither needed nor wanted. Flavors: r-devel-linux-x86_64-debian-clang, r-devel-linux-x86_64-debian-gcc