CRAN Package Check Results for Package phonfieldwork

Last updated on 2025-07-22 05:49:45 CEST.

Flavor Version Tinstall Tcheck Ttotal Status Flags
r-devel-linux-x86_64-debian-clang 0.0.17 8.11 70.84 78.95 NOTE
r-devel-linux-x86_64-debian-gcc 0.0.17 5.49 50.30 55.79 NOTE
r-devel-linux-x86_64-fedora-clang 0.0.17 113.85 NOTE
r-devel-linux-x86_64-fedora-gcc 0.0.17 126.50 NOTE
r-devel-windows-x86_64 0.0.17 10.00 84.00 94.00 NOTE
r-patched-linux-x86_64 0.0.17 7.92 63.78 71.70 NOTE
r-release-linux-x86_64 0.0.17 8.65 64.24 72.89 NOTE
r-release-macos-arm64 0.0.17 50.00 NOTE
r-release-macos-x86_64 0.0.17 126.00 NOTE
r-release-windows-x86_64 0.0.17 10.00 86.00 96.00 NOTE
r-oldrel-macos-arm64 0.0.17 45.00 OK
r-oldrel-macos-x86_64 0.0.17 106.00 OK
r-oldrel-windows-x86_64 0.0.17 13.00 109.00 122.00 OK

Check Details

Version: 0.0.17
Check: DESCRIPTION meta-information
Result: NOTE Missing dependency on R >= 4.1.0 because package code uses the pipe |> or function shorthand \(...) syntax added in R 4.1.0. File(s) using such syntax: ‘df_to_tier.R’ Flavors: r-devel-linux-x86_64-debian-clang, r-devel-linux-x86_64-debian-gcc, r-devel-linux-x86_64-fedora-clang, r-devel-linux-x86_64-fedora-gcc, r-devel-windows-x86_64, r-patched-linux-x86_64, r-release-linux-x86_64, r-release-macos-arm64, r-release-macos-x86_64, r-release-windows-x86_64