Last updated on 2025-11-25 04:50:25 CET.
| Flavor | Version | Tinstall | Tcheck | Ttotal | Status | Flags |
|---|---|---|---|---|---|---|
| r-devel-linux-x86_64-debian-clang | 1.1.1 | 2.22 | 298.12 | 300.34 | OK | |
| r-devel-linux-x86_64-debian-gcc | 1.1.1 | 2.31 | 136.06 | 138.37 | ERROR | |
| r-devel-linux-x86_64-fedora-clang | 1.1.1 | 356.59 | ERROR | |||
| r-devel-linux-x86_64-fedora-gcc | 1.1.1 | 362.56 | ERROR | |||
| r-devel-windows-x86_64 | 1.1.1 | 6.00 | 279.00 | 285.00 | OK | |
| r-patched-linux-x86_64 | 1.1.1 | 3.59 | 271.83 | 275.42 | OK | |
| r-release-linux-x86_64 | 1.1.1 | 2.79 | 271.38 | 274.17 | OK | |
| r-release-macos-arm64 | 1.1.1 | OK | ||||
| r-release-macos-x86_64 | 1.1.1 | 3.00 | 349.00 | 352.00 | OK | |
| r-release-windows-x86_64 | 1.1.1 | 5.00 | 301.00 | 306.00 | OK | |
| r-oldrel-macos-arm64 | 1.1.1 | OK | ||||
| r-oldrel-macos-x86_64 | 1.1.1 | 2.00 | 353.00 | 355.00 | OK | |
| r-oldrel-windows-x86_64 | 1.1.1 | 7.00 | 407.00 | 414.00 | OK |
Version: 1.1.1
Check: re-building of vignette outputs
Result: ERROR
Error(s) in re-building vignettes:
...
--- re-building ‘alpha-diversity.Rmd’ using rmarkdown
Quitting from alpha-diversity.Rmd:25-28 [setup]
~~~~~~~~~~~~~~~~~~~~~~~~~~~~~~~~~~~~~~~~~~~~~~~~~~~~~~~~~~~~~~~~~~~~~~~~~~~~~~~~
<error/rlang_error>
Error in `library()`:
! there is no package called 'tmap'
---
Backtrace:
▆
1. └─base::library(tmap)
~~~~~~~~~~~~~~~~~~~~~~~~~~~~~~~~~~~~~~~~~~~~~~~~~~~~~~~~~~~~~~~~~~~~~~~~~~~~~~~~
Error: processing vignette 'alpha-diversity.Rmd' failed with diagnostics:
there is no package called 'tmap'
--- failed re-building ‘alpha-diversity.Rmd’
--- re-building ‘beta-diversity.Rmd’ using rmarkdown
Quitting from beta-diversity.Rmd:24-27 [setup]
~~~~~~~~~~~~~~~~~~~~~~~~~~~~~~~~~~~~~~~~~~~~~~~~~~~~~~~~~~~~~~~~~~~~~~~~~~~~~~~~
<error/rlang_error>
Error in `library()`:
! there is no package called 'tmap'
---
Backtrace:
▆
1. └─base::library(tmap)
~~~~~~~~~~~~~~~~~~~~~~~~~~~~~~~~~~~~~~~~~~~~~~~~~~~~~~~~~~~~~~~~~~~~~~~~~~~~~~~~
Error: processing vignette 'beta-diversity.Rmd' failed with diagnostics:
there is no package called 'tmap'
--- failed re-building ‘beta-diversity.Rmd’
--- re-building ‘phylospatial-data.Rmd’ using rmarkdown
[WARNING] Deprecated: --highlight-style. Use --syntax-highlighting instead.
--- finished re-building ‘phylospatial-data.Rmd’
--- re-building ‘prioritization.Rmd’ using rmarkdown
Quitting from prioritization.Rmd:52-58 [init]
~~~~~~~~~~~~~~~~~~~~~~~~~~~~~~~~~~~~~~~~~~~~~~~~~~~~~~~~~~~~~~~~~~~~~~~~~~~~~~~~
<error/rlang_error>
Error in `library()`:
! there is no package called 'tmap'
---
Backtrace:
▆
1. └─base::library(tmap)
~~~~~~~~~~~~~~~~~~~~~~~~~~~~~~~~~~~~~~~~~~~~~~~~~~~~~~~~~~~~~~~~~~~~~~~~~~~~~~~~
Error: processing vignette 'prioritization.Rmd' failed with diagnostics:
there is no package called 'tmap'
--- failed re-building ‘prioritization.Rmd’
SUMMARY: processing the following files failed:
‘alpha-diversity.Rmd’ ‘beta-diversity.Rmd’ ‘prioritization.Rmd’
Error: Vignette re-building failed.
Execution halted
Flavor: r-devel-linux-x86_64-debian-gcc
Version: 1.1.1
Check: re-building of vignette outputs
Result: ERROR
Error(s) in re-building vignettes:
--- re-building ‘alpha-diversity.Rmd’ using rmarkdown
Quitting from alpha-diversity.Rmd:25-28 [setup]
~~~~~~~~~~~~~~~~~~~~~~~~~~~~~~~~~~~~~~~~~~~~~~~~~~~~~~~~~~~~~~~~~~~~~~~~~~~~~~~~
<error/rlang_error>
Error in `library()`:
! there is no package called 'tmap'
---
Backtrace:
▆
1. └─base::library(tmap)
~~~~~~~~~~~~~~~~~~~~~~~~~~~~~~~~~~~~~~~~~~~~~~~~~~~~~~~~~~~~~~~~~~~~~~~~~~~~~~~~
Error: processing vignette 'alpha-diversity.Rmd' failed with diagnostics:
there is no package called 'tmap'
--- failed re-building ‘alpha-diversity.Rmd’
--- re-building ‘beta-diversity.Rmd’ using rmarkdown
Quitting from beta-diversity.Rmd:24-27 [setup]
~~~~~~~~~~~~~~~~~~~~~~~~~~~~~~~~~~~~~~~~~~~~~~~~~~~~~~~~~~~~~~~~~~~~~~~~~~~~~~~~
<error/rlang_error>
Error in `library()`:
! there is no package called 'tmap'
---
Backtrace:
▆
1. └─base::library(tmap)
~~~~~~~~~~~~~~~~~~~~~~~~~~~~~~~~~~~~~~~~~~~~~~~~~~~~~~~~~~~~~~~~~~~~~~~~~~~~~~~~
Error: processing vignette 'beta-diversity.Rmd' failed with diagnostics:
there is no package called 'tmap'
--- failed re-building ‘beta-diversity.Rmd’
--- re-building ‘phylospatial-data.Rmd’ using rmarkdown
[WARNING] Deprecated: --highlight-style. Use --syntax-highlighting instead.
--- finished re-building ‘phylospatial-data.Rmd’
--- re-building ‘prioritization.Rmd’ using rmarkdown
Quitting from prioritization.Rmd:52-58 [init]
~~~~~~~~~~~~~~~~~~~~~~~~~~~~~~~~~~~~~~~~~~~~~~~~~~~~~~~~~~~~~~~~~~~~~~~~~~~~~~~~
<error/rlang_error>
Error in `library()`:
! there is no package called 'tmap'
---
Backtrace:
▆
1. └─base::library(tmap)
~~~~~~~~~~~~~~~~~~~~~~~~~~~~~~~~~~~~~~~~~~~~~~~~~~~~~~~~~~~~~~~~~~~~~~~~~~~~~~~~
Error: processing vignette 'prioritization.Rmd' failed with diagnostics:
there is no package called 'tmap'
--- failed re-building ‘prioritization.Rmd’
SUMMARY: processing the following files failed:
‘alpha-diversity.Rmd’ ‘beta-diversity.Rmd’ ‘prioritization.Rmd’
Error: Vignette re-building failed.
Execution halted
Flavors: r-devel-linux-x86_64-fedora-clang, r-devel-linux-x86_64-fedora-gcc