Last updated on 2025-07-03 05:50:37 CEST.
Flavor | Version | Tinstall | Tcheck | Ttotal | Status | Flags |
---|---|---|---|---|---|---|
r-devel-linux-x86_64-debian-clang | 0.1.4 | 4.20 | 33.98 | 38.18 | NOTE | |
r-devel-linux-x86_64-debian-gcc | 0.1.4 | 2.74 | 25.54 | 28.28 | NOTE | |
r-devel-linux-x86_64-fedora-clang | 0.1.4 | 56.86 | OK | |||
r-devel-linux-x86_64-fedora-gcc | 0.1.4 | 57.02 | OK | |||
r-devel-windows-x86_64 | 0.1.4 | 5.00 | 51.00 | 56.00 | OK | |
r-patched-linux-x86_64 | 0.1.4 | 4.14 | 31.38 | 35.52 | OK | |
r-release-linux-x86_64 | 0.1.4 | 4.08 | 31.00 | 35.08 | OK | |
r-release-macos-arm64 | 0.1.4 | 23.00 | OK | |||
r-release-macos-x86_64 | 0.1.4 | 40.00 | OK | |||
r-release-windows-x86_64 | 0.1.4 | 5.00 | 54.00 | 59.00 | OK | |
r-oldrel-macos-arm64 | 0.1.4 | 22.00 | NOTE | |||
r-oldrel-macos-x86_64 | 0.1.4 | 31.00 | NOTE | |||
r-oldrel-windows-x86_64 | 0.1.4 | 7.00 | 59.00 | 66.00 | OK |
Version: 0.1.4
Check: CRAN incoming feasibility
Result: NOTE
Maintainer: ‘Marco Blume <marco.blume@pinnaclesports.com>’
No Authors@R field in DESCRIPTION.
Please add one, modifying
Authors@R: c(person(given = "Marco",
family = "Blume",
role = c("aut", "cre"),
email = "marco.blume@pinnaclesports.com"),
person(given = "Michael",
family = "Yan",
role = "aut"))
as necessary.
Flavors: r-devel-linux-x86_64-debian-clang, r-devel-linux-x86_64-debian-gcc
Version: 0.1.4
Check: package dependencies
Result: NOTE
Package suggested but not available for checking: ‘pinnacle.API’
Flavors: r-oldrel-macos-arm64, r-oldrel-macos-x86_64