Last updated on 2025-07-20 05:48:30 CEST.
Flavor | Version | Tinstall | Tcheck | Ttotal | Status | Flags |
---|---|---|---|---|---|---|
r-devel-linux-x86_64-debian-clang | 0.5.1 | 6.31 | 50.17 | 56.48 | NOTE | |
r-devel-linux-x86_64-debian-gcc | 0.5.1 | 4.60 | 35.49 | 40.09 | NOTE | |
r-devel-linux-x86_64-fedora-clang | 0.5.1 | 86.30 | OK | |||
r-devel-linux-x86_64-fedora-gcc | 0.5.1 | 79.61 | OK | |||
r-devel-windows-x86_64 | 0.5.1 | 7.00 | 61.00 | 68.00 | OK | |
r-patched-linux-x86_64 | 0.5.1 | 5.38 | 46.78 | 52.16 | OK | |
r-release-linux-x86_64 | 0.5.1 | 6.26 | 46.68 | 52.94 | OK | |
r-release-macos-arm64 | 0.5.1 | 25.00 | OK | |||
r-release-macos-x86_64 | 0.5.1 | 46.00 | OK | |||
r-release-windows-x86_64 | 0.5.1 | 7.00 | 64.00 | 71.00 | OK | |
r-oldrel-macos-arm64 | 0.5.1 | 23.00 | OK | |||
r-oldrel-macos-x86_64 | 0.5.1 | 38.00 | OK | |||
r-oldrel-windows-x86_64 | 0.5.1 | 10.00 | 72.00 | 82.00 | OK |
Version: 0.5.1
Check: CRAN incoming feasibility
Result: NOTE
Maintainer: ‘Michael Sweeting <mjs212@medschl.cam.ac.uk>’
No Authors@R field in DESCRIPTION.
Please add one, modifying
Authors@R: person(given = "Michael",
family = "Sweeting",
role = c("aut", "cre"),
email = "mjs212@medschl.cam.ac.uk")
as necessary.
Flavors: r-devel-linux-x86_64-debian-clang, r-devel-linux-x86_64-debian-gcc