Last updated on 2025-05-17 05:49:22 CEST.
Flavor | Version | Tinstall | Tcheck | Ttotal | Status | Flags |
---|---|---|---|---|---|---|
r-devel-linux-x86_64-debian-clang | 1.4 | 4.91 | 41.00 | 45.91 | NOTE | |
r-devel-linux-x86_64-debian-gcc | 1.4 | 3.32 | 29.76 | 33.08 | NOTE | |
r-devel-linux-x86_64-fedora-clang | 1.4 | 72.21 | NOTE | |||
r-devel-linux-x86_64-fedora-gcc | 1.4 | 93.23 | NOTE | |||
r-devel-windows-x86_64 | 1.4 | 6.00 | 73.00 | 79.00 | NOTE | |
r-patched-linux-x86_64 | 1.4 | 5.88 | 37.95 | 43.83 | NOTE | |
r-release-linux-x86_64 | 1.4 | 4.53 | 38.80 | 43.33 | NOTE | |
r-release-macos-arm64 | 1.4 | 32.00 | NOTE | |||
r-release-macos-x86_64 | 1.4 | 96.00 | NOTE | |||
r-release-windows-x86_64 | 1.4 | 7.00 | 69.00 | 76.00 | NOTE | |
r-oldrel-macos-arm64 | 1.4 | 37.00 | NOTE | |||
r-oldrel-macos-x86_64 | 1.4 | 53.00 | NOTE | |||
r-oldrel-windows-x86_64 | 1.4 | 7.00 | 76.00 | 83.00 | NOTE |
Version: 1.4
Check: Rd files
Result: NOTE
checkRd: (-1) add_bars.Rd:15: Lost braces
15 | When \\code{y0} is not specified, the lowest value of the y-axis is used.}
| ^
checkRd: (-1) add_bars.Rd:24: Lost braces
24 | \\code{\\link[graphics]{par}}.}
| ^
checkRd: (-1) add_bars.Rd:24: Lost braces
24 | \\code{\\link[graphics]{par}}.}
| ^
Flavors: r-devel-linux-x86_64-debian-clang, r-devel-linux-x86_64-debian-gcc, r-devel-linux-x86_64-fedora-clang, r-devel-linux-x86_64-fedora-gcc, r-devel-windows-x86_64, r-patched-linux-x86_64, r-release-linux-x86_64, r-release-macos-arm64, r-release-macos-x86_64, r-release-windows-x86_64, r-oldrel-macos-arm64, r-oldrel-macos-x86_64, r-oldrel-windows-x86_64