Last updated on 2025-11-23 04:50:26 CET.
| Flavor | Version | Tinstall | Tcheck | Ttotal | Status | Flags |
|---|---|---|---|---|---|---|
| r-devel-linux-x86_64-debian-clang | 1.4 | 4.71 | 46.46 | 51.17 | NOTE | |
| r-devel-linux-x86_64-debian-gcc | 1.4 | 3.01 | 33.77 | 36.78 | NOTE | |
| r-devel-linux-x86_64-fedora-clang | 1.4 | 76.69 | NOTE | |||
| r-devel-linux-x86_64-fedora-gcc | 1.4 | 93.98 | NOTE | |||
| r-devel-windows-x86_64 | 1.4 | 7.00 | 68.00 | 75.00 | NOTE | |
| r-patched-linux-x86_64 | 1.4 | 5.30 | 40.68 | 45.98 | NOTE | |
| r-release-linux-x86_64 | 1.4 | 4.79 | 40.98 | 45.77 | NOTE | |
| r-release-macos-arm64 | 1.4 | NOTE | ||||
| r-release-macos-x86_64 | 1.4 | 7.00 | 89.00 | 96.00 | NOTE | |
| r-release-windows-x86_64 | 1.4 | 7.00 | 77.00 | 84.00 | NOTE | |
| r-oldrel-macos-arm64 | 1.4 | NOTE | ||||
| r-oldrel-macos-x86_64 | 1.4 | 4.00 | 49.00 | 53.00 | NOTE | |
| r-oldrel-windows-x86_64 | 1.4 | 8.00 | 79.00 | 87.00 | NOTE |
Version: 1.4
Check: Rd files
Result: NOTE
checkRd: (-1) add_bars.Rd:15: Lost braces
15 | When \\code{y0} is not specified, the lowest value of the y-axis is used.}
| ^
checkRd: (-1) add_bars.Rd:24: Lost braces
24 | \\code{\\link[graphics]{par}}.}
| ^
checkRd: (-1) add_bars.Rd:24: Lost braces
24 | \\code{\\link[graphics]{par}}.}
| ^
Flavors: r-devel-linux-x86_64-debian-clang, r-devel-linux-x86_64-debian-gcc, r-devel-linux-x86_64-fedora-clang, r-devel-linux-x86_64-fedora-gcc, r-devel-windows-x86_64, r-patched-linux-x86_64, r-release-linux-x86_64, r-release-macos-arm64, r-release-macos-x86_64, r-release-windows-x86_64, r-oldrel-macos-arm64, r-oldrel-macos-x86_64, r-oldrel-windows-x86_64