CRAN Package Check Results for Package pmclust

Last updated on 2025-07-24 06:49:35 CEST.

Flavor Version Tinstall Tcheck Ttotal Status Flags
r-devel-linux-x86_64-debian-clang 0.2-1 7.63 59.57 67.20 NOTE
r-devel-linux-x86_64-debian-gcc 0.2-1 5.47 48.61 54.08 NOTE
r-devel-linux-x86_64-fedora-clang 0.2-1 108.01 OK
r-devel-linux-x86_64-fedora-gcc 0.2-1 114.87 OK
r-devel-windows-x86_64 0.2-1 9.00 103.00 112.00 OK
r-patched-linux-x86_64 0.2-1 7.75 56.47 64.22 OK
r-release-linux-x86_64 0.2-1 7.10 56.79 63.89 OK
r-release-macos-arm64 0.2-1 5.00 ERROR
r-release-macos-x86_64 0.2-1 6.00 ERROR
r-release-windows-x86_64 0.2-1 9.00 113.00 122.00 OK
r-oldrel-macos-arm64 0.2-1 9.00 ERROR
r-oldrel-macos-x86_64 0.2-1 11.00 ERROR
r-oldrel-windows-x86_64 0.2-1 11.00 103.00 114.00 OK

Check Details

Version: 0.2-1
Check: CRAN incoming feasibility
Result: NOTE Maintainer: ‘Wei-Chen Chen <wccsnow@gmail.com>’ Package CITATION file contains call(s) to old-style personList() or as.personList(). Please use c() on person objects instead. Package CITATION file contains call(s) to old-style citEntry(). Please use bibentry() instead. Flavors: r-devel-linux-x86_64-debian-clang, r-devel-linux-x86_64-debian-gcc

Version: 0.2-1
Check: package dependencies
Result: ERROR Package required but not available: ‘pbdMPI’ See section ‘The DESCRIPTION file’ in the ‘Writing R Extensions’ manual. Flavors: r-release-macos-arm64, r-release-macos-x86_64, r-oldrel-macos-arm64, r-oldrel-macos-x86_64