Last updated on 2025-11-02 04:49:58 CET.
| Flavor | Version | Tinstall | Tcheck | Ttotal | Status | Flags |
|---|---|---|---|---|---|---|
| r-devel-linux-x86_64-debian-clang | 0.1.0.1 | 1.53 | 20.02 | 21.55 | OK | |
| r-devel-linux-x86_64-debian-gcc | 0.1.0.1 | 1.29 | 16.85 | 18.14 | OK | |
| r-devel-linux-x86_64-fedora-clang | 0.1.0.1 | 30.43 | OK | |||
| r-devel-linux-x86_64-fedora-gcc | 0.1.0.1 | 29.04 | OK | |||
| r-devel-windows-x86_64 | 0.1.0.1 | 2.00 | 38.00 | 40.00 | OK | |
| r-patched-linux-x86_64 | 0.1.0.1 | 1.61 | 17.66 | 19.27 | OK | |
| r-release-linux-x86_64 | 0.1.0.1 | 1.42 | 17.86 | 19.28 | OK | |
| r-release-macos-arm64 | 0.1.0.1 | 1.00 | 15.00 | 16.00 | OK | |
| r-release-macos-x86_64 | 0.1.0.1 | 1.00 | 21.00 | 22.00 | OK | |
| r-release-windows-x86_64 | 0.1.0.1 | 2.00 | 37.00 | 39.00 | OK | |
| r-oldrel-macos-arm64 | 0.1.0.1 | 1.00 | 15.00 | 16.00 | NOTE | |
| r-oldrel-macos-x86_64 | 0.1.0.1 | 1.00 | 20.00 | 21.00 | NOTE | |
| r-oldrel-windows-x86_64 | 0.1.0.1 | 3.00 | 42.00 | 45.00 | NOTE |
Version: 0.1.0.1
Check: LazyData
Result: NOTE
'LazyData' is specified without a 'data' directory
Flavors: r-oldrel-macos-arm64, r-oldrel-macos-x86_64, r-oldrel-windows-x86_64